-- https://www.phpmyadmin.net/
--

START TRANSACTION;



--
-- Database: `jbs`
--

-- --------------------------------------------------------

--
-- Table structure for table `about_hero_banners`
--

CREATE TABLE `about_hero_banners` (
  `id` int UNSIGNED NOT NULL,
  `document_id` varchar(255) DEFAULT NULL,
  `created_at` datetime(6) DEFAULT NULL,
  `updated_at` datetime(6) DEFAULT NULL,
  `published_at` datetime(6) DEFAULT NULL,
  `created_by_id` int UNSIGNED DEFAULT NULL,
  `updated_by_id` int UNSIGNED DEFAULT NULL,
  `locale` varchar(255) DEFAULT NULL
) ENGINE=InnoDB DEFAULT CHARSET=utf8mb4 COLLATE=utf8mb4_0900_ai_ci;

-- --------------------------------------------------------

--
-- Table structure for table `about_hero_banners_cmps`
--

CREATE TABLE `about_hero_banners_cmps` (
  `id` int UNSIGNED NOT NULL,
  `entity_id` int UNSIGNED DEFAULT NULL,
  `cmp_id` int UNSIGNED DEFAULT NULL,
  `component_type` varchar(255) DEFAULT NULL,
  `field` varchar(255) DEFAULT NULL,
  `order` double UNSIGNED DEFAULT NULL
) ENGINE=InnoDB DEFAULT CHARSET=utf8mb4 COLLATE=utf8mb4_0900_ai_ci;

-- --------------------------------------------------------

--
-- Table structure for table `admin_permissions`
--

CREATE TABLE `admin_permissions` (
  `id` int UNSIGNED NOT NULL,
  `document_id` varchar(255) DEFAULT NULL,
  `action` varchar(255) DEFAULT NULL,
  `action_parameters` json DEFAULT NULL,
  `subject` varchar(255) DEFAULT NULL,
  `properties` json DEFAULT NULL,
  `conditions` json DEFAULT NULL,
  `created_at` datetime(6) DEFAULT NULL,
  `updated_at` datetime(6) DEFAULT NULL,
  `published_at` datetime(6) DEFAULT NULL,
  `created_by_id` int UNSIGNED DEFAULT NULL,
  `updated_by_id` int UNSIGNED DEFAULT NULL,
  `locale` varchar(255) DEFAULT NULL
) ENGINE=InnoDB DEFAULT CHARSET=utf8mb4 COLLATE=utf8mb4_0900_ai_ci;

--
-- Dumping data for table `admin_permissions`
--

INSERT INTO `admin_permissions` (`id`, `document_id`, `action`, `action_parameters`, `subject`, `properties`, `conditions`, `created_at`, `updated_at`, `published_at`, `created_by_id`, `updated_by_id`, `locale`) VALUES
(6, 'txnb59ytkp02tq1ypl8s05bg', 'plugin::upload.read', '{}', NULL, '{}', '[]', '2025-06-20 13:38:00.025000', '2025-06-20 13:38:00.025000', '2025-06-20 13:38:00.025000', NULL, NULL, NULL),
(7, 'cvf27crq10t8nnr53xj26aie', 'plugin::upload.configure-view', '{}', NULL, '{}', '[]', '2025-06-20 13:38:00.039000', '2025-06-20 13:38:00.039000', '2025-06-20 13:38:00.039000', NULL, NULL, NULL),
(8, 'hwtw633bhcbytdnfawkmkowk', 'plugin::upload.assets.create', '{}', NULL, '{}', '[]', '2025-06-20 13:38:00.102000', '2025-06-20 13:38:00.102000', '2025-06-20 13:38:00.102000', NULL, NULL, NULL),
(9, 'lw29ssj91ytdv8a7o2qwnjmg', 'plugin::upload.assets.update', '{}', NULL, '{}', '[]', '2025-06-20 13:38:00.124000', '2025-06-20 13:38:00.124000', '2025-06-20 13:38:00.124000', NULL, NULL, NULL),
(10, 'd4z0x799h3dm9qk9mmnq4wim', 'plugin::upload.assets.download', '{}', NULL, '{}', '[]', '2025-06-20 13:38:00.162000', '2025-06-20 13:38:00.162000', '2025-06-20 13:38:00.162000', NULL, NULL, NULL),
(11, 'tfuxop0635rwnkyipq71y986', 'plugin::upload.assets.copy-link', '{}', NULL, '{}', '[]', '2025-06-20 13:38:00.189000', '2025-06-20 13:38:00.189000', '2025-06-20 13:38:00.190000', NULL, NULL, NULL),
(16, 'tv1pagrn4317c11oxgqbtqhh', 'plugin::upload.read', '{}', NULL, '{}', '[\"admin::is-creator\"]', '2025-06-20 13:38:00.286000', '2025-06-20 13:38:00.286000', '2025-06-20 13:38:00.286000', NULL, NULL, NULL),
(17, 'dsqszrxewgt8w5s5q8blzn8a', 'plugin::upload.configure-view', '{}', NULL, '{}', '[]', '2025-06-20 13:38:00.298000', '2025-06-20 13:38:00.298000', '2025-06-20 13:38:00.298000', NULL, NULL, NULL),
(18, 'b5fchcgutwt2plbit5xzni9p', 'plugin::upload.assets.create', '{}', NULL, '{}', '[]', '2025-06-20 13:38:00.310000', '2025-06-20 13:38:00.310000', '2025-06-20 13:38:00.310000', NULL, NULL, NULL),
(19, 'a8p81z3t50wzdwtbg9viu052', 'plugin::upload.assets.update', '{}', NULL, '{}', '[\"admin::is-creator\"]', '2025-06-20 13:38:00.326000', '2025-06-20 13:38:00.326000', '2025-06-20 13:38:00.326000', NULL, NULL, NULL),
(20, 'a3394coemuzameyvqqkncmvz', 'plugin::upload.assets.download', '{}', NULL, '{}', '[]', '2025-06-20 13:38:00.351000', '2025-06-20 13:38:00.351000', '2025-06-20 13:38:00.351000', NULL, NULL, NULL),
(21, 'qzxjvgesd13xbiu5xy6p40fn', 'plugin::upload.assets.copy-link', '{}', NULL, '{}', '[]', '2025-06-20 13:38:00.368000', '2025-06-20 13:38:00.368000', '2025-06-20 13:38:00.368000', NULL, NULL, NULL),
(23, 'keaxaum8id6ud36as5dbjmr2', 'plugin::content-manager.explorer.create', '{}', 'plugin::users-permissions.user', '{\"fields\": [\"username\", \"email\", \"provider\", \"password\", \"resetPasswordToken\", \"confirmationToken\", \"confirmed\", \"blocked\", \"role\"]}', '[]', '2025-06-20 13:38:00.477000', '2025-06-20 13:38:00.477000', '2025-06-20 13:38:00.477000', NULL, NULL, NULL),
(25, 'ijrrgsru8hr74em48s9vsj5y', 'plugin::content-manager.explorer.read', '{}', 'plugin::users-permissions.user', '{\"fields\": [\"username\", \"email\", \"provider\", \"password\", \"resetPasswordToken\", \"confirmationToken\", \"confirmed\", \"blocked\", \"role\"]}', '[]', '2025-06-20 13:38:00.508000', '2025-06-20 13:38:00.508000', '2025-06-20 13:38:00.509000', NULL, NULL, NULL),
(27, 'j248b6hdork4smkrs5gkseue', 'plugin::content-manager.explorer.update', '{}', 'plugin::users-permissions.user', '{\"fields\": [\"username\", \"email\", \"provider\", \"password\", \"resetPasswordToken\", \"confirmationToken\", \"confirmed\", \"blocked\", \"role\"]}', '[]', '2025-06-20 13:38:00.545000', '2025-06-20 13:38:00.545000', '2025-06-20 13:38:00.546000', NULL, NULL, NULL),
(29, 'z0snswskj8tcx4id2rk5oraw', 'plugin::content-manager.explorer.delete', '{}', 'plugin::users-permissions.user', '{}', '[]', '2025-06-20 13:38:00.574000', '2025-06-20 13:38:00.574000', '2025-06-20 13:38:00.574000', NULL, NULL, NULL),
(31, 'udsshnodh09ue4pqxl9c5goa', 'plugin::content-manager.explorer.publish', '{}', 'plugin::users-permissions.user', '{}', '[]', '2025-06-20 13:38:00.606000', '2025-06-20 13:38:00.606000', '2025-06-20 13:38:00.606000', NULL, NULL, NULL),
(32, 'idkypdp6gt0pzbbja806gkk8', 'plugin::content-manager.single-types.configure-view', '{}', NULL, '{}', '[]', '2025-06-20 13:38:00.621000', '2025-06-20 13:38:00.621000', '2025-06-20 13:38:00.622000', NULL, NULL, NULL),
(33, 'r0r8vczy2fzg47bse3gskn7g', 'plugin::content-manager.collection-types.configure-view', '{}', NULL, '{}', '[]', '2025-06-20 13:38:00.631000', '2025-06-20 13:38:00.631000', '2025-06-20 13:38:00.632000', NULL, NULL, NULL),
(34, 'o37vcznv4ikgtlp7241k0bd0', 'plugin::content-manager.components.configure-layout', '{}', NULL, '{}', '[]', '2025-06-20 13:38:00.645000', '2025-06-20 13:38:00.645000', '2025-06-20 13:38:00.645000', NULL, NULL, NULL),
(35, 'gi1ltfqus1vgqji3fywtj9an', 'plugin::content-type-builder.read', '{}', NULL, '{}', '[]', '2025-06-20 13:38:00.662000', '2025-06-20 13:38:00.662000', '2025-06-20 13:38:00.662000', NULL, NULL, NULL),
(36, 'z99yir3c2clyf5bgtec8bvih', 'plugin::email.settings.read', '{}', NULL, '{}', '[]', '2025-06-20 13:38:00.683000', '2025-06-20 13:38:00.683000', '2025-06-20 13:38:00.684000', NULL, NULL, NULL),
(37, 'xqohbjysgngdgzq0bq6xbsc9', 'plugin::upload.read', '{}', NULL, '{}', '[]', '2025-06-20 13:38:00.694000', '2025-06-20 13:38:00.694000', '2025-06-20 13:38:00.694000', NULL, NULL, NULL),
(38, 'diw8pla85v3ywvhmwlm9p15c', 'plugin::upload.assets.create', '{}', NULL, '{}', '[]', '2025-06-20 13:38:00.707000', '2025-06-20 13:38:00.707000', '2025-06-20 13:38:00.707000', NULL, NULL, NULL),
(39, 'qdkodfiyimclaivhl9rh2sq4', 'plugin::upload.assets.update', '{}', NULL, '{}', '[]', '2025-06-20 13:38:00.720000', '2025-06-20 13:38:00.720000', '2025-06-20 13:38:00.720000', NULL, NULL, NULL),
(40, 'gxa93uuf561dkt3cssysp0wn', 'plugin::upload.assets.download', '{}', NULL, '{}', '[]', '2025-06-20 13:38:00.735000', '2025-06-20 13:38:00.735000', '2025-06-20 13:38:00.735000', NULL, NULL, NULL),
(41, 'w4e9iyee95zhmthblcoo11cl', 'plugin::upload.assets.copy-link', '{}', NULL, '{}', '[]', '2025-06-20 13:38:00.755000', '2025-06-20 13:38:00.755000', '2025-06-20 13:38:00.755000', NULL, NULL, NULL),
(42, 'bo7qhspkb6arrmlo2f1gl0g8', 'plugin::upload.configure-view', '{}', NULL, '{}', '[]', '2025-06-20 13:38:00.771000', '2025-06-20 13:38:00.771000', '2025-06-20 13:38:00.771000', NULL, NULL, NULL),
(43, 'x7istul5nu470tbqbqgy087b', 'plugin::upload.settings.read', '{}', NULL, '{}', '[]', '2025-06-20 13:38:00.779000', '2025-06-20 13:38:00.779000', '2025-06-20 13:38:00.779000', NULL, NULL, NULL),
(44, 'tfwfhatk1shf9kst676qjtrk', 'plugin::i18n.locale.create', '{}', NULL, '{}', '[]', '2025-06-20 13:38:00.793000', '2025-06-20 13:38:00.793000', '2025-06-20 13:38:00.793000', NULL, NULL, NULL),
(45, 'uvl0ouy6cme3p0b9k5tvfzzf', 'plugin::i18n.locale.read', '{}', NULL, '{}', '[]', '2025-06-20 13:38:00.806000', '2025-06-20 13:38:00.806000', '2025-06-20 13:38:00.807000', NULL, NULL, NULL),
(46, 'qg6824xqi7ptnhh20v5ob8r0', 'plugin::i18n.locale.update', '{}', NULL, '{}', '[]', '2025-06-20 13:38:00.818000', '2025-06-20 13:38:00.818000', '2025-06-20 13:38:00.819000', NULL, NULL, NULL),
(47, 'xgvjy17rmxq069cvzzwoeap3', 'plugin::i18n.locale.delete', '{}', NULL, '{}', '[]', '2025-06-20 13:38:00.830000', '2025-06-20 13:38:00.830000', '2025-06-20 13:38:00.830000', NULL, NULL, NULL),
(48, 'nob9c0920tlbtred1xkn43ng', 'plugin::users-permissions.roles.create', '{}', NULL, '{}', '[]', '2025-06-20 13:38:00.845000', '2025-06-20 13:38:00.845000', '2025-06-20 13:38:00.845000', NULL, NULL, NULL),
(49, 'ppzhu4au1i33xjxbhm0hmbwq', 'plugin::users-permissions.roles.read', '{}', NULL, '{}', '[]', '2025-06-20 13:38:00.859000', '2025-06-20 13:38:00.859000', '2025-06-20 13:38:00.859000', NULL, NULL, NULL),
(50, 'gj1lim7mqj8qj5vcn7w9lnnb', 'plugin::users-permissions.roles.update', '{}', NULL, '{}', '[]', '2025-06-20 13:38:00.875000', '2025-06-20 13:38:00.875000', '2025-06-20 13:38:00.875000', NULL, NULL, NULL),
(51, 'qf3u8d2mx8gx1xu122hzlugu', 'plugin::users-permissions.roles.delete', '{}', NULL, '{}', '[]', '2025-06-20 13:38:00.889000', '2025-06-20 13:38:00.889000', '2025-06-20 13:38:00.889000', NULL, NULL, NULL),
(52, 'uti3195kkyllhxj7ry8oy18a', 'plugin::users-permissions.providers.read', '{}', NULL, '{}', '[]', '2025-06-20 13:38:00.899000', '2025-06-20 13:38:00.899000', '2025-06-20 13:38:00.900000', NULL, NULL, NULL),
(53, 'ovxvt1xw48rnsvhkcj27c693', 'plugin::users-permissions.providers.update', '{}', NULL, '{}', '[]', '2025-06-20 13:38:00.918000', '2025-06-20 13:38:00.918000', '2025-06-20 13:38:00.918000', NULL, NULL, NULL),
(54, 'qtiwd9e68xrryvuzoqt136go', 'plugin::users-permissions.email-templates.read', '{}', NULL, '{}', '[]', '2025-06-20 13:38:00.934000', '2025-06-20 13:38:00.934000', '2025-06-20 13:38:00.935000', NULL, NULL, NULL),
(55, 'dc77lnr2w0dsnlj2oe22ay4c', 'plugin::users-permissions.email-templates.update', '{}', NULL, '{}', '[]', '2025-06-20 13:38:00.945000', '2025-06-20 13:38:00.945000', '2025-06-20 13:38:00.945000', NULL, NULL, NULL),
(56, 'b72n8wmji312vwhotets73qe', 'plugin::users-permissions.advanced-settings.read', '{}', NULL, '{}', '[]', '2025-06-20 13:38:00.959000', '2025-06-20 13:38:00.959000', '2025-06-20 13:38:00.960000', NULL, NULL, NULL),
(57, 'a0abq9jiee6wzx1gztk5095d', 'plugin::users-permissions.advanced-settings.update', '{}', NULL, '{}', '[]', '2025-06-20 13:38:00.975000', '2025-06-20 13:38:00.975000', '2025-06-20 13:38:00.975000', NULL, NULL, NULL),
(58, 'adzj8ndhvlypt6gymulkanta', 'admin::marketplace.read', '{}', NULL, '{}', '[]', '2025-06-20 13:38:00.989000', '2025-06-20 13:38:00.989000', '2025-06-20 13:38:00.990000', NULL, NULL, NULL),
(59, 'll6l4dtvt6dmah2w398wi12g', 'admin::webhooks.create', '{}', NULL, '{}', '[]', '2025-06-20 13:38:01.001000', '2025-06-20 13:38:01.001000', '2025-06-20 13:38:01.002000', NULL, NULL, NULL),
(60, 'fjpmn8jgkji7dok9q3tjtdch', 'admin::webhooks.read', '{}', NULL, '{}', '[]', '2025-06-20 13:38:01.013000', '2025-06-20 13:38:01.013000', '2025-06-20 13:38:01.013000', NULL, NULL, NULL),
(61, 'y75sy43b9ytqau4vba8mu45n', 'admin::webhooks.update', '{}', NULL, '{}', '[]', '2025-06-20 13:38:01.028000', '2025-06-20 13:38:01.028000', '2025-06-20 13:38:01.029000', NULL, NULL, NULL),
(62, 'li1osmz5k3iicx3e7fpqlb11', 'admin::webhooks.delete', '{}', NULL, '{}', '[]', '2025-06-20 13:38:01.045000', '2025-06-20 13:38:01.045000', '2025-06-20 13:38:01.045000', NULL, NULL, NULL),
(63, 'kmktk3wdlmqfrf69aoxyafke', 'admin::users.create', '{}', NULL, '{}', '[]', '2025-06-20 13:38:01.064000', '2025-06-20 13:38:01.064000', '2025-06-20 13:38:01.064000', NULL, NULL, NULL),
(64, 'w0xwyifssqotil4516fe2xp3', 'admin::users.read', '{}', NULL, '{}', '[]', '2025-06-20 13:38:01.085000', '2025-06-20 13:38:01.085000', '2025-06-20 13:38:01.086000', NULL, NULL, NULL),
(65, 'b1cksrioz1qmh0mkuuo1afrn', 'admin::users.update', '{}', NULL, '{}', '[]', '2025-06-20 13:38:01.096000', '2025-06-20 13:38:01.096000', '2025-06-20 13:38:01.096000', NULL, NULL, NULL),
(66, 'doo0h7ox7vr9ozwhccvplx76', 'admin::users.delete', '{}', NULL, '{}', '[]', '2025-06-20 13:38:01.109000', '2025-06-20 13:38:01.109000', '2025-06-20 13:38:01.109000', NULL, NULL, NULL),
(67, 'vojav847j5s7ocd0g7oe0p68', 'admin::roles.create', '{}', NULL, '{}', '[]', '2025-06-20 13:38:01.124000', '2025-06-20 13:38:01.124000', '2025-06-20 13:38:01.124000', NULL, NULL, NULL),
(68, 'vg8lt989wnkl4cwr4aomxqs2', 'admin::roles.read', '{}', NULL, '{}', '[]', '2025-06-20 13:38:01.139000', '2025-06-20 13:38:01.139000', '2025-06-20 13:38:01.140000', NULL, NULL, NULL),
(69, 't09cijx5suncyre8993q94nx', 'admin::roles.update', '{}', NULL, '{}', '[]', '2025-06-20 13:38:01.157000', '2025-06-20 13:38:01.157000', '2025-06-20 13:38:01.158000', NULL, NULL, NULL),
(70, 'kc3anczn8rg2wdhfcrj1jb24', 'admin::roles.delete', '{}', NULL, '{}', '[]', '2025-06-20 13:38:01.175000', '2025-06-20 13:38:01.175000', '2025-06-20 13:38:01.175000', NULL, NULL, NULL),
(71, 'm7ucntjwm56qbtoxrdybrvuu', 'admin::api-tokens.access', '{}', NULL, '{}', '[]', '2025-06-20 13:38:01.186000', '2025-06-20 13:38:01.186000', '2025-06-20 13:38:01.186000', NULL, NULL, NULL),
(72, 'sjvg1bzwbdkmezn9i0lmyf2t', 'admin::api-tokens.create', '{}', NULL, '{}', '[]', '2025-06-20 13:38:01.195000', '2025-06-20 13:38:01.195000', '2025-06-20 13:38:01.195000', NULL, NULL, NULL),
(73, 'q2xhml2tk3dg4cbq2mx5s5h3', 'admin::api-tokens.read', '{}', NULL, '{}', '[]', '2025-06-20 13:38:01.209000', '2025-06-20 13:38:01.209000', '2025-06-20 13:38:01.209000', NULL, NULL, NULL),
(74, 'el2pk8r0h6k0da8l5jkga0qu', 'admin::api-tokens.update', '{}', NULL, '{}', '[]', '2025-06-20 13:38:01.226000', '2025-06-20 13:38:01.226000', '2025-06-20 13:38:01.226000', NULL, NULL, NULL),
(75, 'hf5yuw6mv2vvqqi8t8is8qxk', 'admin::api-tokens.regenerate', '{}', NULL, '{}', '[]', '2025-06-20 13:38:01.240000', '2025-06-20 13:38:01.240000', '2025-06-20 13:38:01.240000', NULL, NULL, NULL),
(76, 'dsfmohtjj4nunrrzw0pp2zz0', 'admin::api-tokens.delete', '{}', NULL, '{}', '[]', '2025-06-20 13:38:01.257000', '2025-06-20 13:38:01.257000', '2025-06-20 13:38:01.257000', NULL, NULL, NULL),
(77, 'o238bmdqoy00h9kue0y6fpfh', 'admin::project-settings.update', '{}', NULL, '{}', '[]', '2025-06-20 13:38:01.267000', '2025-06-20 13:38:01.267000', '2025-06-20 13:38:01.268000', NULL, NULL, NULL),
(78, 'djagu7pga3tish5l1uh7thph', 'admin::project-settings.read', '{}', NULL, '{}', '[]', '2025-06-20 13:38:01.277000', '2025-06-20 13:38:01.277000', '2025-06-20 13:38:01.278000', NULL, NULL, NULL),
(79, 'ojtpsy1vkf6vog4bnewws0om', 'admin::transfer.tokens.access', '{}', NULL, '{}', '[]', '2025-06-20 13:38:01.290000', '2025-06-20 13:38:01.290000', '2025-06-20 13:38:01.290000', NULL, NULL, NULL),
(80, 'iwxhcmeezd8b6kx0dbu1zzpm', 'admin::transfer.tokens.create', '{}', NULL, '{}', '[]', '2025-06-20 13:38:01.302000', '2025-06-20 13:38:01.302000', '2025-06-20 13:38:01.302000', NULL, NULL, NULL),
(81, 'scynyc3sb1bucm7eee47pse9', 'admin::transfer.tokens.read', '{}', NULL, '{}', '[]', '2025-06-20 13:38:01.311000', '2025-06-20 13:38:01.311000', '2025-06-20 13:38:01.311000', NULL, NULL, NULL),
(82, 'e0swyx99s3w6c0e2yz6pxsqn', 'admin::transfer.tokens.update', '{}', NULL, '{}', '[]', '2025-06-20 13:38:01.324000', '2025-06-20 13:38:01.324000', '2025-06-20 13:38:01.324000', NULL, NULL, NULL),
(83, 'udd8dw9lbwe1bgwe73u662a9', 'admin::transfer.tokens.regenerate', '{}', NULL, '{}', '[]', '2025-06-20 13:38:01.335000', '2025-06-20 13:38:01.335000', '2025-06-20 13:38:01.336000', NULL, NULL, NULL),
(84, 'rs69ksuej9zxrfxbl7ep18ac', 'admin::transfer.tokens.delete', '{}', NULL, '{}', '[]', '2025-06-20 13:38:01.344000', '2025-06-20 13:38:01.344000', '2025-06-20 13:38:01.344000', NULL, NULL, NULL),
(133, 'n4xc6nkp1rs2p5vupp1h5uja', 'plugin::content-manager.explorer.delete', '{}', 'api::home-service-highlight.home-service-highlight', '{\"locales\": [\"en\", \"en-US\"]}', '[]', '2025-06-25 15:37:11.540000', '2025-06-25 15:37:11.540000', '2025-06-25 15:37:11.541000', NULL, NULL, NULL),
(134, 'rxefyxw0f9jz0s3qkxme80hq', 'plugin::content-manager.explorer.publish', '{}', 'api::home-service-highlight.home-service-highlight', '{\"locales\": [\"en\", \"en-US\"]}', '[]', '2025-06-25 15:37:11.571000', '2025-06-25 15:37:11.571000', '2025-06-25 15:37:11.572000', NULL, NULL, NULL),
(138, 'nbotgfsd1pa648bkr7kv307x', 'plugin::content-manager.explorer.delete', '{}', 'api::about-hero-banner.about-hero-banner', '{\"locales\": [\"en\", \"en-US\"]}', '[]', '2025-06-25 15:37:11.587000', '2025-06-25 15:37:11.587000', '2025-06-25 15:37:11.589000', NULL, NULL, NULL),
(139, 'xm4s9510jfbgg1ypisiean2o', 'plugin::content-manager.explorer.publish', '{}', 'api::about-hero-banner.about-hero-banner', '{\"locales\": [\"en\", \"en-US\"]}', '[]', '2025-06-25 15:37:11.604000', '2025-06-25 15:37:11.604000', '2025-06-25 15:37:11.605000', NULL, NULL, NULL),
(143, 'cxhepgubq0gt5q02j5yj9184', 'plugin::content-manager.explorer.delete', '{}', 'api::home-hero-banner.home-hero-banner', '{\"locales\": [\"en\", \"en-US\"]}', '[]', '2025-06-25 15:37:11.618000', '2025-06-25 15:37:11.618000', '2025-06-25 15:37:11.618000', NULL, NULL, NULL),
(144, 'ku2djgazdjdfkla2g52kuccg', 'plugin::content-manager.explorer.publish', '{}', 'api::home-hero-banner.home-hero-banner', '{\"locales\": [\"en\", \"en-US\"]}', '[]', '2025-06-25 15:37:11.631000', '2025-06-25 15:37:11.631000', '2025-06-25 15:37:11.632000', NULL, NULL, NULL),
(145, 'ljoe1rd3dumco4nihdrkb3xq', 'plugin::content-manager.explorer.create', '{}', 'api::home-ticker.home-ticker', '{\"fields\": [\"ticker.tickerText.content\", \"ticker.tickerText.textColor\", \"ticker.speed\"], \"locales\": [\"en\", \"en-US\"]}', '[]', '2025-06-25 15:37:11.646000', '2025-06-25 15:37:11.646000', '2025-06-25 15:37:11.647000', NULL, NULL, NULL),
(146, 'i2mh5k7im8xlfbtj7bx459ru', 'plugin::content-manager.explorer.read', '{}', 'api::home-ticker.home-ticker', '{\"fields\": [\"ticker.tickerText.content\", \"ticker.tickerText.textColor\", \"ticker.speed\"], \"locales\": [\"en\", \"en-US\"]}', '[]', '2025-06-25 15:37:11.659000', '2025-06-25 15:37:11.659000', '2025-06-25 15:37:11.659000', NULL, NULL, NULL),
(147, 'hr8tvmqrqy825iihokzcardp', 'plugin::content-manager.explorer.update', '{}', 'api::home-ticker.home-ticker', '{\"fields\": [\"ticker.tickerText.content\", \"ticker.tickerText.textColor\", \"ticker.speed\"], \"locales\": [\"en\", \"en-US\"]}', '[]', '2025-06-25 15:37:11.677000', '2025-06-25 15:37:11.677000', '2025-06-25 15:37:11.678000', NULL, NULL, NULL),
(148, 't7vyycexedkxawrnitnw0te3', 'plugin::content-manager.explorer.delete', '{}', 'api::home-ticker.home-ticker', '{\"locales\": [\"en\", \"en-US\"]}', '[]', '2025-06-25 15:37:11.695000', '2025-06-25 15:37:11.695000', '2025-06-25 15:37:11.695000', NULL, NULL, NULL),
(149, 'vevg4z9qggk3fchhebd3kebn', 'plugin::content-manager.explorer.publish', '{}', 'api::home-ticker.home-ticker', '{\"locales\": [\"en\", \"en-US\"]}', '[]', '2025-06-25 15:37:11.709000', '2025-06-25 15:37:11.709000', '2025-06-25 15:37:11.709000', NULL, NULL, NULL),
(150, 'dvwraclchyt0fd0ap9ilsiaf', 'plugin::content-manager.explorer.create', '{}', 'api::about-hero-banner.about-hero-banner', '{\"fields\": [\"heroBanner.video\", \"heroBanner.headingText.content\", \"heroBanner.headingText.textColor\", \"heroBanner.buttons.label\", \"heroBanner.buttons.bgColor\", \"heroBanner.buttons.cta\", \"heroBanner.buttons.textColor\", \"heroBanner.buttons.isPrimary\", \"heroBanner.buttons.icon\"], \"locales\": [\"en\", \"en-US\"]}', '[]', '2025-06-25 15:37:11.727000', '2025-06-25 15:37:11.727000', '2025-06-25 15:37:11.728000', NULL, NULL, NULL),
(151, 'its4g9gzg4nkxkbdu429r1nk', 'plugin::content-manager.explorer.create', '{}', 'api::home-hero-banner.home-hero-banner', '{\"fields\": [\"heroBanner.video\", \"heroBanner.headingText.content\", \"heroBanner.headingText.textColor\", \"heroBanner.buttons.label\", \"heroBanner.buttons.bgColor\", \"heroBanner.buttons.cta\", \"heroBanner.buttons.textColor\", \"heroBanner.buttons.isPrimary\", \"heroBanner.buttons.icon\"], \"locales\": [\"en\", \"en-US\"]}', '[]', '2025-06-25 15:37:11.745000', '2025-06-25 15:37:11.745000', '2025-06-25 15:37:11.745000', NULL, NULL, NULL),
(153, 'wt4xo9x2ixs7amz527as5qr5', 'plugin::content-manager.explorer.read', '{}', 'api::about-hero-banner.about-hero-banner', '{\"fields\": [\"heroBanner.video\", \"heroBanner.headingText.content\", \"heroBanner.headingText.textColor\", \"heroBanner.buttons.label\", \"heroBanner.buttons.bgColor\", \"heroBanner.buttons.cta\", \"heroBanner.buttons.textColor\", \"heroBanner.buttons.isPrimary\", \"heroBanner.buttons.icon\"], \"locales\": [\"en\", \"en-US\"]}', '[]', '2025-06-25 15:37:11.760000', '2025-06-25 15:37:11.760000', '2025-06-25 15:37:11.760000', NULL, NULL, NULL),
(154, 'k89flbsy6e5dynkfr3pqzc35', 'plugin::content-manager.explorer.read', '{}', 'api::home-hero-banner.home-hero-banner', '{\"fields\": [\"heroBanner.video\", \"heroBanner.headingText.content\", \"heroBanner.headingText.textColor\", \"heroBanner.buttons.label\", \"heroBanner.buttons.bgColor\", \"heroBanner.buttons.cta\", \"heroBanner.buttons.textColor\", \"heroBanner.buttons.isPrimary\", \"heroBanner.buttons.icon\"], \"locales\": [\"en\", \"en-US\"]}', '[]', '2025-06-25 15:37:11.772000', '2025-06-25 15:37:11.772000', '2025-06-25 15:37:11.772000', NULL, NULL, NULL),
(156, 'bkladjnavi6dyaks0vwyqnax', 'plugin::content-manager.explorer.update', '{}', 'api::about-hero-banner.about-hero-banner', '{\"fields\": [\"heroBanner.video\", \"heroBanner.headingText.content\", \"heroBanner.headingText.textColor\", \"heroBanner.buttons.label\", \"heroBanner.buttons.bgColor\", \"heroBanner.buttons.cta\", \"heroBanner.buttons.textColor\", \"heroBanner.buttons.isPrimary\", \"heroBanner.buttons.icon\"], \"locales\": [\"en\", \"en-US\"]}', '[]', '2025-06-25 15:37:11.784000', '2025-06-25 15:37:11.784000', '2025-06-25 15:37:11.784000', NULL, NULL, NULL),
(157, 'ghzph0o3g508iajj7l9n4u9r', 'plugin::content-manager.explorer.update', '{}', 'api::home-hero-banner.home-hero-banner', '{\"fields\": [\"heroBanner.video\", \"heroBanner.headingText.content\", \"heroBanner.headingText.textColor\", \"heroBanner.buttons.label\", \"heroBanner.buttons.bgColor\", \"heroBanner.buttons.cta\", \"heroBanner.buttons.textColor\", \"heroBanner.buttons.isPrimary\", \"heroBanner.buttons.icon\"], \"locales\": [\"en\", \"en-US\"]}', '[]', '2025-06-25 15:37:11.797000', '2025-06-25 15:37:11.797000', '2025-06-25 15:37:11.797000', NULL, NULL, NULL),
(159, 'tpvphuxbsr7k7hwfeq6umyov', 'plugin::content-manager.explorer.create', '{}', 'api::home-service-highlight.home-service-highlight', '{\"fields\": [\"serviceHightlights.sectionName.content\", \"serviceHightlights.sectionName.textColor\", \"serviceHightlights.sectionTitle.content\", \"serviceHightlights.sectionTitle.textColor\", \"serviceHightlights.sectionDescription.content\", \"serviceHightlights.sectionDescription.textColor\", \"serviceHightlights.button.label\", \"serviceHightlights.button.bgColor\", \"serviceHightlights.button.cta\", \"serviceHightlights.button.textColor\", \"serviceHightlights.button.isPrimary\", \"serviceHightlights.button.icon\", \"serviceHightlights.serviceCards.icon\", \"serviceHightlights.serviceCards.serviceName.content\", \"serviceHightlights.serviceCards.serviceName.textColor\", \"serviceHightlights.serviceCards.serviceDetails\", \"serviceHightlights.serviceCards.cardBackground\", \"serviceHightlights.serviceCards.button.label\", \"serviceHightlights.serviceCards.button.bgColor\", \"serviceHightlights.serviceCards.button.cta\", \"serviceHightlights.serviceCards.button.textColor\", \"serviceHightlights.serviceCards.button.isPrimary\", \"serviceHightlights.serviceCards.button.icon\", \"serviceHightlights.sectionBackground\"], \"locales\": [\"en\", \"en-US\"]}', '[]', '2025-06-25 15:37:11.809000', '2025-06-25 15:37:11.809000', '2025-06-25 15:37:11.810000', NULL, NULL, NULL),
(160, 'j06u26a1aexwte1beyb0d5vr', 'plugin::content-manager.explorer.read', '{}', 'api::home-service-highlight.home-service-highlight', '{\"fields\": [\"serviceHightlights.sectionName.content\", \"serviceHightlights.sectionName.textColor\", \"serviceHightlights.sectionTitle.content\", \"serviceHightlights.sectionTitle.textColor\", \"serviceHightlights.sectionDescription.content\", \"serviceHightlights.sectionDescription.textColor\", \"serviceHightlights.button.label\", \"serviceHightlights.button.bgColor\", \"serviceHightlights.button.cta\", \"serviceHightlights.button.textColor\", \"serviceHightlights.button.isPrimary\", \"serviceHightlights.button.icon\", \"serviceHightlights.serviceCards.icon\", \"serviceHightlights.serviceCards.serviceName.content\", \"serviceHightlights.serviceCards.serviceName.textColor\", \"serviceHightlights.serviceCards.serviceDetails\", \"serviceHightlights.serviceCards.cardBackground\", \"serviceHightlights.serviceCards.button.label\", \"serviceHightlights.serviceCards.button.bgColor\", \"serviceHightlights.serviceCards.button.cta\", \"serviceHightlights.serviceCards.button.textColor\", \"serviceHightlights.serviceCards.button.isPrimary\", \"serviceHightlights.serviceCards.button.icon\", \"serviceHightlights.sectionBackground\"], \"locales\": [\"en\", \"en-US\"]}', '[]', '2025-06-25 15:37:11.823000', '2025-06-25 15:37:11.823000', '2025-06-25 15:37:11.824000', NULL, NULL, NULL),
(161, 'kgwb48x6ydqq3fr97gsklg76', 'plugin::content-manager.explorer.update', '{}', 'api::home-service-highlight.home-service-highlight', '{\"fields\": [\"serviceHightlights.sectionName.content\", \"serviceHightlights.sectionName.textColor\", \"serviceHightlights.sectionTitle.content\", \"serviceHightlights.sectionTitle.textColor\", \"serviceHightlights.sectionDescription.content\", \"serviceHightlights.sectionDescription.textColor\", \"serviceHightlights.button.label\", \"serviceHightlights.button.bgColor\", \"serviceHightlights.button.cta\", \"serviceHightlights.button.textColor\", \"serviceHightlights.button.isPrimary\", \"serviceHightlights.button.icon\", \"serviceHightlights.serviceCards.icon\", \"serviceHightlights.serviceCards.serviceName.content\", \"serviceHightlights.serviceCards.serviceName.textColor\", \"serviceHightlights.serviceCards.serviceDetails\", \"serviceHightlights.serviceCards.cardBackground\", \"serviceHightlights.serviceCards.button.label\", \"serviceHightlights.serviceCards.button.bgColor\", \"serviceHightlights.serviceCards.button.cta\", \"serviceHightlights.serviceCards.button.textColor\", \"serviceHightlights.serviceCards.button.isPrimary\", \"serviceHightlights.serviceCards.button.icon\", \"serviceHightlights.sectionBackground\"], \"locales\": [\"en\", \"en-US\"]}', '[]', '2025-06-25 15:37:11.836000', '2025-06-25 15:37:11.836000', '2025-06-25 15:37:11.836000', NULL, NULL, NULL),
(162, 'hgl9yyg32el1ud9h64mecout', 'plugin::content-manager.explorer.create', '{}', 'api::home-page.home-page', '{\"fields\": [\"home\"], \"locales\": [\"en\", \"en-US\"]}', '[]', '2025-07-01 12:45:34.632000', '2025-07-01 12:45:34.632000', '2025-07-01 12:45:34.635000', NULL, NULL, NULL),
(163, 'ezy61kdzqk5jk8j08cq1o29h', 'plugin::content-manager.explorer.read', '{}', 'api::home-page.home-page', '{\"fields\": [\"home\"], \"locales\": [\"en\", \"en-US\"]}', '[]', '2025-07-01 12:45:34.669000', '2025-07-01 12:45:34.669000', '2025-07-01 12:45:34.670000', NULL, NULL, NULL),
(164, 'ydkzuzyuo539zhpxjy54oxd8', 'plugin::content-manager.explorer.update', '{}', 'api::home-page.home-page', '{\"fields\": [\"home\"], \"locales\": [\"en\", \"en-US\"]}', '[]', '2025-07-01 12:45:34.683000', '2025-07-01 12:45:34.683000', '2025-07-01 12:45:34.683000', NULL, NULL, NULL),
(165, 'njvi1kzfxbmoqopbp5l92y28', 'plugin::content-manager.explorer.delete', '{}', 'api::home-page.home-page', '{\"locales\": [\"en\", \"en-US\"]}', '[]', '2025-07-01 12:45:34.697000', '2025-07-01 12:45:34.697000', '2025-07-01 12:45:34.698000', NULL, NULL, NULL),
(166, 'sd4lh12958sdjkxzomvazm6e', 'plugin::content-manager.explorer.publish', '{}', 'api::home-page.home-page', '{\"locales\": [\"en\", \"en-US\"]}', '[]', '2025-07-01 12:45:34.712000', '2025-07-01 12:45:34.712000', '2025-07-01 12:45:34.713000', NULL, NULL, NULL);

-- --------------------------------------------------------

--
-- Table structure for table `admin_permissions_role_lnk`
--

CREATE TABLE `admin_permissions_role_lnk` (
  `id` int UNSIGNED NOT NULL,
  `permission_id` int UNSIGNED DEFAULT NULL,
  `role_id` int UNSIGNED DEFAULT NULL,
  `permission_ord` double UNSIGNED DEFAULT NULL
) ENGINE=InnoDB DEFAULT CHARSET=utf8mb4 COLLATE=utf8mb4_0900_ai_ci;

--
-- Dumping data for table `admin_permissions_role_lnk`
--

INSERT INTO `admin_permissions_role_lnk` (`id`, `permission_id`, `role_id`, `permission_ord`) VALUES
(6, 6, 2, 6),
(7, 7, 2, 7),
(8, 8, 2, 8),
(9, 9, 2, 9),
(10, 10, 2, 10),
(11, 11, 2, 11),
(16, 16, 3, 5),
(17, 17, 3, 6),
(18, 18, 3, 7),
(19, 19, 3, 8),
(20, 20, 3, 9),
(21, 21, 3, 10),
(23, 23, 1, 2),
(25, 25, 1, 4),
(27, 27, 1, 6),
(29, 29, 1, 8),
(31, 31, 1, 10),
(32, 32, 1, 11),
(33, 33, 1, 12),
(34, 34, 1, 13),
(35, 35, 1, 14),
(36, 36, 1, 15),
(37, 37, 1, 16),
(38, 38, 1, 17),
(39, 39, 1, 18),
(40, 40, 1, 19),
(41, 41, 1, 20),
(42, 42, 1, 21),
(43, 43, 1, 22),
(44, 44, 1, 23),
(45, 45, 1, 24),
(46, 46, 1, 25),
(47, 47, 1, 26),
(48, 48, 1, 27),
(49, 49, 1, 28),
(50, 50, 1, 29),
(51, 51, 1, 30),
(52, 52, 1, 31),
(53, 53, 1, 32),
(54, 54, 1, 33),
(55, 55, 1, 34),
(56, 56, 1, 35),
(57, 57, 1, 36),
(58, 58, 1, 37),
(59, 59, 1, 38),
(60, 60, 1, 39),
(61, 61, 1, 40),
(62, 62, 1, 41),
(63, 63, 1, 42),
(64, 64, 1, 43),
(65, 65, 1, 44),
(66, 66, 1, 45),
(67, 67, 1, 46),
(68, 68, 1, 47),
(69, 69, 1, 48),
(70, 70, 1, 49),
(71, 71, 1, 50),
(72, 72, 1, 51),
(73, 73, 1, 52),
(74, 74, 1, 53),
(75, 75, 1, 54),
(76, 76, 1, 55),
(77, 77, 1, 56),
(78, 78, 1, 57),
(79, 79, 1, 58),
(80, 80, 1, 59),
(81, 81, 1, 60),
(82, 82, 1, 61),
(83, 83, 1, 62),
(84, 84, 1, 63),
(162, 133, 1, 64),
(163, 134, 1, 65),
(164, 138, 1, 66),
(165, 139, 1, 67),
(166, 143, 1, 68),
(167, 144, 1, 69),
(168, 145, 1, 70),
(169, 146, 1, 71),
(170, 147, 1, 72),
(171, 148, 1, 73),
(172, 149, 1, 74),
(173, 150, 1, 75),
(174, 151, 1, 76),
(175, 153, 1, 77),
(176, 154, 1, 78),
(177, 156, 1, 79),
(178, 157, 1, 80),
(179, 159, 1, 81),
(180, 160, 1, 82),
(181, 161, 1, 83),
(182, 162, 1, 84),
(183, 163, 1, 85),
(184, 164, 1, 86),
(185, 165, 1, 87),
(186, 166, 1, 88);

-- --------------------------------------------------------

--
-- Table structure for table `admin_roles`
--

CREATE TABLE `admin_roles` (
  `id` int UNSIGNED NOT NULL,
  `document_id` varchar(255) DEFAULT NULL,
  `name` varchar(255) DEFAULT NULL,
  `code` varchar(255) DEFAULT NULL,
  `description` varchar(255) DEFAULT NULL,
  `created_at` datetime(6) DEFAULT NULL,
  `updated_at` datetime(6) DEFAULT NULL,
  `published_at` datetime(6) DEFAULT NULL,
  `created_by_id` int UNSIGNED DEFAULT NULL,
  `updated_by_id` int UNSIGNED DEFAULT NULL,
  `locale` varchar(255) DEFAULT NULL
) ENGINE=InnoDB DEFAULT CHARSET=utf8mb4 COLLATE=utf8mb4_0900_ai_ci;

--
-- Dumping data for table `admin_roles`
--

INSERT INTO `admin_roles` (`id`, `document_id`, `name`, `code`, `description`, `created_at`, `updated_at`, `published_at`, `created_by_id`, `updated_by_id`, `locale`) VALUES
(1, 'tyxg04y5r9qzn4jnwnk37aep', 'Super Admin', 'strapi-super-admin', 'Super Admins can access and manage all features and settings.', '2025-06-20 13:37:59.819000', '2025-06-20 13:37:59.819000', '2025-06-20 13:37:59.820000', NULL, NULL, NULL),
(2, 'g1xl7szen37t5zwhhy55v0pe', 'Editor', 'strapi-editor', 'Editors can manage and publish contents including those of other users.', '2025-06-20 13:37:59.851000', '2025-06-20 13:37:59.851000', '2025-06-20 13:37:59.852000', NULL, NULL, NULL),
(3, 'l77b71geuh2g3m93a5ki61oe', 'Author', 'strapi-author', 'Authors can manage the content they have created.', '2025-06-20 13:37:59.862000', '2025-06-20 13:37:59.862000', '2025-06-20 13:37:59.863000', NULL, NULL, NULL);

-- --------------------------------------------------------

--
-- Table structure for table `admin_users_roles_lnk`
--

CREATE TABLE `admin_users_roles_lnk` (
  `id` int UNSIGNED NOT NULL,
  `user_id` int UNSIGNED DEFAULT NULL,
  `role_id` int UNSIGNED DEFAULT NULL,
  `role_ord` double UNSIGNED DEFAULT NULL,
  `user_ord` double UNSIGNED DEFAULT NULL
) ENGINE=InnoDB DEFAULT CHARSET=utf8mb4 COLLATE=utf8mb4_0900_ai_ci;

--
-- Dumping data for table `admin_users_roles_lnk`
--

INSERT INTO `admin_users_roles_lnk` (`id`, `user_id`, `role_id`, `role_ord`, `user_ord`) VALUES
(1, 1, 1, 1, 1);

-- --------------------------------------------------------

--
-- Table structure for table `components_shared_buttons`
--

CREATE TABLE `components_shared_buttons` (
  `id` int UNSIGNED NOT NULL,
  `label` varchar(255) DEFAULT NULL,
  `bg_color` varchar(255) DEFAULT NULL,
  `cta` longtext,
  `text_color` varchar(255) DEFAULT NULL,
  `is_primary` tinyint(1) DEFAULT NULL,
  `icon` varchar(255) DEFAULT NULL
) ENGINE=InnoDB DEFAULT CHARSET=utf8mb4 COLLATE=utf8mb4_0900_ai_ci;

--
-- Dumping data for table `components_shared_buttons`
--

INSERT INTO `components_shared_buttons` (`id`, `label`, `bg_color`, `cta`, `text_color`, `is_primary`, `icon`) VALUES
(1, 'Request a Demo', 'bg-green-500', '#', 'bg-blue-500', 1, NULL),
(2, 'Talk to Us', 'bg-blue-500', '#', 'bg-green-500', 0, NULL),
(3, 'Request a Demo', 'bg-green-500', '#', 'bg-blue-500', 1, NULL),
(4, 'Talk to Us', 'bg-blue-500', '#', 'bg-green-500', 0, NULL),
(5, 'Request a Demo', 'bg-green-500', '#', 'bg-blue-500', 1, NULL),
(6, 'Talk to Us', 'bg-blue-500', '#', 'bg-green-500', 0, NULL),
(13, 'Request a Demo', 'bg-green-500', '#', 'bg-blue-500', 1, NULL),
(14, 'Talk to Us', 'bg-blue-500', '#', 'bg-green-500', 0, NULL),
(15, 'Request a Solution demo', 'bg-green-500', '#', 'bg-blue-500', 1, NULL),
(17, 'Request a Demo', 'bg-green-500', '#', 'bg-blue-500', 1, NULL),
(18, 'Talk to Us', 'bg-green-500', '#', 'bg-blue-500', 1, NULL),
(19, 'Request a Demo', 'bg-green-500', '#', 'bg-blue-500', 1, NULL),
(20, 'Talk to Us', 'bg-green-500', '#', 'bg-blue-500', 1, NULL),
(21, 'Read More', 'bg-green-500', '#', 'bg-blue-500', 1, 'enable'),
(22, 'Read More', 'bg-green-500', '#', 'bg-blue-500', 1, 'enable'),
(23, 'Request a Solution demo', 'bg-green-500', '#', 'bg-blue-500', 1, NULL),
(24, 'Read More', 'bg-green-500', '#', 'bg-blue-500', 1, 'enable'),
(25, 'Read More', 'bg-green-500', '#', 'bg-blue-500', 1, 'enable'),
(26, 'Talk to Us', 'bg-green-500', '#', 'bg-blue-500', 1, 'disable'),
(27, 'Talk to Us', 'bg-green-500', '#', 'bg-blue-500', 1, 'disable');

-- --------------------------------------------------------

--
-- Table structure for table `components_shared_long_texts`
--

CREATE TABLE `components_shared_long_texts` (
  `id` int UNSIGNED NOT NULL,
  `content` longtext,
  `text_color` varchar(255) DEFAULT NULL
) ENGINE=InnoDB DEFAULT CHARSET=utf8mb4 COLLATE=utf8mb4_0900_ai_ci;

--
-- Dumping data for table `components_shared_long_texts`
--

INSERT INTO `components_shared_long_texts` (`id`, `content`, `text_color`) VALUES
(1, 'Lorem ipsum dolor sit amet, consectetur adipiscing elit. Nunc vulputate libero et velit interdum, ac aliquet odio mattis. Class aptent taciti sociosqu ad litora torquent per conubia nostra, per inceptos ', 'text-primary'),
(3, 'Lorem ipsum dolor sit amet, consectetur adipiscing elit. Nunc vulputate libero et velit interdum, ac aliquet odio mattis. Class aptent taciti sociosqu ad litora torquent per conubia nostra, per inceptos ', 'text-primary');

-- --------------------------------------------------------

--
-- Table structure for table `components_shared_service_cards`
--

CREATE TABLE `components_shared_service_cards` (
  `id` int UNSIGNED NOT NULL,
  `service_details` longtext
) ENGINE=InnoDB DEFAULT CHARSET=utf8mb4 COLLATE=utf8mb4_0900_ai_ci;

--
-- Dumping data for table `components_shared_service_cards`
--

INSERT INTO `components_shared_service_cards` (`id`, `service_details`) VALUES
(1, 'Automate complex enterprise processes with AI that learns, adapts, and improves over time.\n- Document Processing & Analytics\n- Customer Support  Automation\n- Quality Control & Inspection'),
(2, 'Automate complex enterprise processes with AI that learns, adapts, and improves over time.\n- Document Processing & Analytics\n- Customer Support  Automation\n- Quality Control & Inspection'),
(5, 'Automate complex enterprise processes with AI that learns, adapts, and improves over time.\n- Document Processing & Analytics\n- Customer Support  Automation\n- Quality Control & Inspection'),
(6, 'Automate complex enterprise processes with AI that learns, adapts, and improves over time.\n- Document Processing & Analytics\n- Customer Support  Automation\n- Quality Control & Inspection');

-- --------------------------------------------------------

--
-- Table structure for table `components_shared_service_cards_cmps`
--

CREATE TABLE `components_shared_service_cards_cmps` (
  `id` int UNSIGNED NOT NULL,
  `entity_id` int UNSIGNED DEFAULT NULL,
  `cmp_id` int UNSIGNED DEFAULT NULL,
  `component_type` varchar(255) DEFAULT NULL,
  `field` varchar(255) DEFAULT NULL,
  `order` double UNSIGNED DEFAULT NULL
) ENGINE=InnoDB DEFAULT CHARSET=utf8mb4 COLLATE=utf8mb4_0900_ai_ci;

--
-- Dumping data for table `components_shared_service_cards_cmps`
--

INSERT INTO `components_shared_service_cards_cmps` (`id`, `entity_id`, `cmp_id`, `component_type`, `field`, `order`) VALUES
(1, 1, 42, 'shared.text', 'serviceName', NULL),
(2, 2, 43, 'shared.text', 'serviceName', NULL),
(7, 1, 21, 'shared.button', 'button', NULL),
(8, 2, 22, 'shared.button', 'button', NULL),
(9, 5, 58, 'shared.text', 'serviceName', NULL),
(10, 6, 59, 'shared.text', 'serviceName', NULL),
(11, 5, 24, 'shared.button', 'button', NULL),
(12, 6, 25, 'shared.button', 'button', NULL);

-- --------------------------------------------------------

--
-- Table structure for table `components_shared_texts`
--

CREATE TABLE `components_shared_texts` (
  `id` int UNSIGNED NOT NULL,
  `content` varchar(255) DEFAULT NULL,
  `text_color` varchar(255) DEFAULT NULL
) ENGINE=InnoDB DEFAULT CHARSET=utf8mb4 COLLATE=utf8mb4_0900_ai_ci;

--
-- Dumping data for table `components_shared_texts`
--

INSERT INTO `components_shared_texts` (`id`, `content`, `text_color`) VALUES
(10, 'INNOVATE', 'text-primary'),
(11, 'TRANSFORM', 'text-primary'),
(12, 'AUTOMATE', 'text-primary'),
(13, 'INNOVATE', 'text-primary'),
(14, 'TRANSFORM', 'text-primary'),
(15, 'AUTOMATE', 'text-primary'),
(16, 'INNOVATE', 'text-primary'),
(17, 'TRANSFORM', 'text-primary'),
(18, 'AUTOMATE', 'text-primary'),
(19, 'INNOVATE', 'text-primary'),
(20, 'TRANSFORM', 'text-primary'),
(21, 'AUTOMATE', 'text-primary'),
(22, 'Let’s drive digital transformation with AI & Automation.', 'text-primary'),
(24, 'INNOVATE', 'text-primary'),
(25, 'TRANSFORM', 'text-primary'),
(26, 'AUTOMATE', 'text-primary'),
(27, 'INNOVATE', 'text-primary'),
(28, 'TRANSFORM', 'text-primary'),
(29, 'AUTOMATE', 'text-primary'),
(30, 'INNOVATE', 'text-primary'),
(31, 'TRANSFORM', 'text-primary'),
(32, 'AUTOMATE', 'text-primary'),
(33, 'INNOVATE', 'text-primary'),
(34, 'TRANSFORM', 'text-primary'),
(35, 'AUTOMATE', 'text-primary'),
(39, 'Let’s drive digital transformation with AI & Automation.', 'text-primary'),
(40, 'Service Highlights', 'text-secondary'),
(41, 'Transform How Your  Business Thinks, Builds, and Operates', 'text-primary'),
(42, 'AI-POWERED  ENTERPRISE SOLUTION', 'text-primary'),
(43, 'Intelligent Process Automation', 'text-primary'),
(48, 'INNOVATE', 'text-primary'),
(49, 'TRANSFORM', 'text-primary'),
(50, 'AUTOMATE', 'text-primary'),
(51, 'INNOVATE', 'text-primary'),
(52, 'TRANSFORM', 'text-primary'),
(53, 'AUTOMATE', 'text-primary'),
(54, 'Transform How Your  Business Thinks, Builds, and Operates', 'text-primary'),
(55, 'Transform How Your  Business Thinks, Builds, and Operates', 'text-primary'),
(56, 'Service Highlights', 'text-secondary'),
(57, 'Transform How Your  Business Thinks, Builds, and Operates', 'text-primary'),
(58, 'AI-POWERED  ENTERPRISE SOLUTION', 'text-primary'),
(59, 'Intelligent Process Automation', 'text-primary'),
(60, 'Let\'s Drive Digital Transformation with AI & Automation', 'text-primary'),
(61, 'Innovate', 'text-primary'),
(62, 'Transform', 'text-primary'),
(63, 'Automate', 'text-primary'),
(64, 'Let\'s Drive Digital Transformation with AI & Automation', 'text-primary'),
(65, 'Innovate', 'text-primary'),
(66, 'Transform', 'text-primary'),
(67, 'Automate', 'text-primary');

-- --------------------------------------------------------

--
-- Table structure for table `components_single_hero_banners`
--

CREATE TABLE `components_single_hero_banners` (
  `id` int UNSIGNED NOT NULL
) ENGINE=InnoDB DEFAULT CHARSET=utf8mb4 COLLATE=utf8mb4_0900_ai_ci;

--
-- Dumping data for table `components_single_hero_banners`
--

INSERT INTO `components_single_hero_banners` (`id`) VALUES
(1),
(6),
(7),
(8),
(9),
(10);

-- --------------------------------------------------------

--
-- Table structure for table `components_single_hero_banners_cmps`
--

CREATE TABLE `components_single_hero_banners_cmps` (
  `id` int UNSIGNED NOT NULL,
  `entity_id` int UNSIGNED DEFAULT NULL,
  `cmp_id` int UNSIGNED DEFAULT NULL,
  `component_type` varchar(255) DEFAULT NULL,
  `field` varchar(255) DEFAULT NULL,
  `order` double UNSIGNED DEFAULT NULL
) ENGINE=InnoDB DEFAULT CHARSET=utf8mb4 COLLATE=utf8mb4_0900_ai_ci;

--
-- Dumping data for table `components_single_hero_banners_cmps`
--

INSERT INTO `components_single_hero_banners_cmps` (`id`, `entity_id`, `cmp_id`, `component_type`, `field`, `order`) VALUES
(1, 1, 22, 'shared.text', 'headingText', 2),
(2, 1, 5, 'shared.button', 'buttons', 1),
(3, 1, 6, 'shared.button', 'buttons', 2),
(20, 6, 39, 'shared.text', 'headingText', NULL),
(21, 6, 13, 'shared.button', 'buttons', 1),
(22, 6, 14, 'shared.button', 'buttons', 2),
(23, 7, 54, 'shared.text', 'headingText', NULL),
(24, 7, 17, 'shared.button', 'buttons', 1),
(25, 7, 18, 'shared.button', 'buttons', 2),
(26, 8, 55, 'shared.text', 'headingText', NULL),
(27, 8, 19, 'shared.button', 'buttons', 1),
(28, 8, 20, 'shared.button', 'buttons', 2),
(29, 9, 60, 'shared.text', 'headingText', NULL),
(30, 9, 26, 'shared.button', 'buttons', 1),
(31, 10, 64, 'shared.text', 'headingText', NULL),
(32, 10, 27, 'shared.button', 'buttons', 1);

-- --------------------------------------------------------

--
-- Table structure for table `components_single_service_highlights`
--

CREATE TABLE `components_single_service_highlights` (
  `id` int UNSIGNED NOT NULL
) ENGINE=InnoDB DEFAULT CHARSET=utf8mb4 COLLATE=utf8mb4_0900_ai_ci;

--
-- Dumping data for table `components_single_service_highlights`
--

INSERT INTO `components_single_service_highlights` (`id`) VALUES
(1),
(3);

-- --------------------------------------------------------

--
-- Table structure for table `components_single_service_highlights_cmps`
--

CREATE TABLE `components_single_service_highlights_cmps` (
  `id` int UNSIGNED NOT NULL,
  `entity_id` int UNSIGNED DEFAULT NULL,
  `cmp_id` int UNSIGNED DEFAULT NULL,
  `component_type` varchar(255) DEFAULT NULL,
  `field` varchar(255) DEFAULT NULL,
  `order` double UNSIGNED DEFAULT NULL
) ENGINE=InnoDB DEFAULT CHARSET=utf8mb4 COLLATE=utf8mb4_0900_ai_ci;

--
-- Dumping data for table `components_single_service_highlights_cmps`
--

INSERT INTO `components_single_service_highlights_cmps` (`id`, `entity_id`, `cmp_id`, `component_type`, `field`, `order`) VALUES
(1, 1, 40, 'shared.text', 'sectionName', 3),
(2, 1, 41, 'shared.text', 'sectionTitle', 4),
(3, 1, 1, 'shared.long-text', 'sectionDescription', 1),
(4, 1, 15, 'shared.button', 'button', 2),
(5, 1, 1, 'shared.service-card', 'serviceCards', 1),
(6, 1, 2, 'shared.service-card', 'serviceCards', 2),
(19, 3, 56, 'shared.text', 'sectionName', NULL),
(20, 3, 57, 'shared.text', 'sectionTitle', NULL),
(21, 3, 3, 'shared.long-text', 'sectionDescription', NULL),
(22, 3, 23, 'shared.button', 'button', NULL),
(23, 3, 5, 'shared.service-card', 'serviceCards', 1),
(24, 3, 6, 'shared.service-card', 'serviceCards', 2);

-- --------------------------------------------------------

--
-- Table structure for table `components_single_tickers`
--

CREATE TABLE `components_single_tickers` (
  `id` int UNSIGNED NOT NULL,
  `speed` varchar(255) DEFAULT NULL
) ENGINE=InnoDB DEFAULT CHARSET=utf8mb4 COLLATE=utf8mb4_0900_ai_ci;

--
-- Dumping data for table `components_single_tickers`
--

INSERT INTO `components_single_tickers` (`id`, `speed`) VALUES
(1, 's-30'),
(3, 's-30'),
(4, 's-10'),
(5, 's-10'),
(6, 's-10'),
(7, 's-10');

-- --------------------------------------------------------

--
-- Table structure for table `components_single_tickers_cmps`
--

CREATE TABLE `components_single_tickers_cmps` (
  `id` int UNSIGNED NOT NULL,
  `entity_id` int UNSIGNED DEFAULT NULL,
  `cmp_id` int UNSIGNED DEFAULT NULL,
  `component_type` varchar(255) DEFAULT NULL,
  `field` varchar(255) DEFAULT NULL,
  `order` double UNSIGNED DEFAULT NULL
) ENGINE=InnoDB DEFAULT CHARSET=utf8mb4 COLLATE=utf8mb4_0900_ai_ci;

--
-- Dumping data for table `components_single_tickers_cmps`
--

INSERT INTO `components_single_tickers_cmps` (`id`, `entity_id`, `cmp_id`, `component_type`, `field`, `order`) VALUES
(1, 1, 24, 'shared.text', 'tick', 1),
(2, 1, 25, 'shared.text', 'tick', 2),
(3, 1, 26, 'shared.text', 'tick', 3),
(7, 1, 30, 'shared.text', 'tickerText', 1),
(8, 1, 31, 'shared.text', 'tickerText', 2),
(9, 1, 32, 'shared.text', 'tickerText', 3),
(10, 3, 33, 'shared.text', 'tickerText', 1),
(11, 3, 34, 'shared.text', 'tickerText', 2),
(12, 3, 35, 'shared.text', 'tickerText', 3),
(13, 4, 48, 'shared.text', 'tickerText', 1),
(14, 4, 49, 'shared.text', 'tickerText', 2),
(15, 4, 50, 'shared.text', 'tickerText', 3),
(16, 5, 51, 'shared.text', 'tickerText', 1),
(17, 5, 52, 'shared.text', 'tickerText', 2),
(18, 5, 53, 'shared.text', 'tickerText', 3),
(19, 6, 61, 'shared.text', 'tickerText', 1),
(20, 6, 62, 'shared.text', 'tickerText', 2),
(21, 6, 63, 'shared.text', 'tickerText', 3),
(22, 7, 65, 'shared.text', 'tickerText', 1),
(23, 7, 66, 'shared.text', 'tickerText', 2),
(24, 7, 67, 'shared.text', 'tickerText', 3);

-- --------------------------------------------------------

--
-- Table structure for table `files_folder_lnk`
--

CREATE TABLE `files_folder_lnk` (
  `id` int UNSIGNED NOT NULL,
  `file_id` int UNSIGNED DEFAULT NULL,
  `folder_id` int UNSIGNED DEFAULT NULL,
  `file_ord` double UNSIGNED DEFAULT NULL
) ENGINE=InnoDB DEFAULT CHARSET=utf8mb4 COLLATE=utf8mb4_0900_ai_ci;

-- --------------------------------------------------------

--
-- Table structure for table `files_related_mph`
--

CREATE TABLE `files_related_mph` (
  `id` int UNSIGNED NOT NULL,
  `file_id` int UNSIGNED DEFAULT NULL,
  `related_id` int UNSIGNED DEFAULT NULL,
  `related_type` varchar(255) DEFAULT NULL,
  `field` varchar(255) DEFAULT NULL,
  `order` double UNSIGNED DEFAULT NULL
) ENGINE=InnoDB DEFAULT CHARSET=utf8mb4 COLLATE=utf8mb4_0900_ai_ci;

--
-- Dumping data for table `files_related_mph`
--

INSERT INTO `files_related_mph` (`id`, `file_id`, `related_id`, `related_type`, `field`, `order`) VALUES
(1, 1, 1, 'api::hero-banner.hero-banner', 'video', 1),
(2, 1, 2, 'api::hero-banner.hero-banner', 'video', 1),
(9, 1, 1, 'single.hero-banner', 'video', 1),
(10, 1, 6, 'single.hero-banner', 'video', 1),
(11, 1, 7, 'single.hero-banner', 'video', 1),
(12, 1, 8, 'single.hero-banner', 'video', 1),
(13, 1, 9, 'single.hero-banner', 'video', 1),
(14, 1, 10, 'single.hero-banner', 'video', 1);

-- --------------------------------------------------------

--
-- Table structure for table `home_hero_banners`
--

CREATE TABLE `home_hero_banners` (
  `id` int UNSIGNED NOT NULL,
  `document_id` varchar(255) DEFAULT NULL,
  `created_at` datetime(6) DEFAULT NULL,
  `updated_at` datetime(6) DEFAULT NULL,
  `published_at` datetime(6) DEFAULT NULL,
  `created_by_id` int UNSIGNED DEFAULT NULL,
  `updated_by_id` int UNSIGNED DEFAULT NULL,
  `locale` varchar(255) DEFAULT NULL
) ENGINE=InnoDB DEFAULT CHARSET=utf8mb4 COLLATE=utf8mb4_0900_ai_ci;

--
-- Dumping data for table `home_hero_banners`
--

INSERT INTO `home_hero_banners` (`id`, `document_id`, `created_at`, `updated_at`, `published_at`, `created_by_id`, `updated_by_id`, `locale`) VALUES
(1, 'uhzo9yahespkv6ral8lmn2ka', '2025-06-23 17:09:47.006000', '2025-06-23 17:09:47.006000', NULL, 1, 1, 'en'),
(2, 'uhzo9yahespkv6ral8lmn2ka', '2025-06-23 17:09:47.006000', '2025-06-23 17:09:47.006000', '2025-06-23 17:09:47.061000', 1, 1, 'en');

-- --------------------------------------------------------

--
-- Table structure for table `home_hero_banners_cmps`
--

CREATE TABLE `home_hero_banners_cmps` (
  `id` int UNSIGNED NOT NULL,
  `entity_id` int UNSIGNED DEFAULT NULL,
  `cmp_id` int UNSIGNED DEFAULT NULL,
  `component_type` varchar(255) DEFAULT NULL,
  `field` varchar(255) DEFAULT NULL,
  `order` double UNSIGNED DEFAULT NULL
) ENGINE=InnoDB DEFAULT CHARSET=utf8mb4 COLLATE=utf8mb4_0900_ai_ci;

--
-- Dumping data for table `home_hero_banners_cmps`
--

INSERT INTO `home_hero_banners_cmps` (`id`, `entity_id`, `cmp_id`, `component_type`, `field`, `order`) VALUES
(1, 1, 7, 'single.hero-banner', 'heroBanner', NULL),
(2, 2, 8, 'single.hero-banner', 'heroBanner', NULL);

-- --------------------------------------------------------

--
-- Table structure for table `home_pages`
--

CREATE TABLE `home_pages` (
  `id` int UNSIGNED NOT NULL,
  `document_id` varchar(255) DEFAULT NULL,
  `created_at` datetime(6) DEFAULT NULL,
  `updated_at` datetime(6) DEFAULT NULL,
  `published_at` datetime(6) DEFAULT NULL,
  `created_by_id` int UNSIGNED DEFAULT NULL,
  `updated_by_id` int UNSIGNED DEFAULT NULL,
  `locale` varchar(255) DEFAULT NULL
) ENGINE=InnoDB DEFAULT CHARSET=utf8mb4 COLLATE=utf8mb4_0900_ai_ci;

--
-- Dumping data for table `home_pages`
--

INSERT INTO `home_pages` (`id`, `document_id`, `created_at`, `updated_at`, `published_at`, `created_by_id`, `updated_by_id`, `locale`) VALUES
(1, 'pgmeu4th2tbziuimlrfyebbv', '2025-07-01 12:56:25.118000', '2025-07-01 12:56:25.118000', NULL, 1, 1, 'en'),
(2, 'pgmeu4th2tbziuimlrfyebbv', '2025-07-01 12:56:25.118000', '2025-07-01 12:56:25.118000', '2025-07-01 12:56:25.228000', 1, 1, 'en');

-- --------------------------------------------------------

--
-- Table structure for table `home_pages_cmps`
--

CREATE TABLE `home_pages_cmps` (
  `id` int UNSIGNED NOT NULL,
  `entity_id` int UNSIGNED DEFAULT NULL,
  `cmp_id` int UNSIGNED DEFAULT NULL,
  `component_type` varchar(255) DEFAULT NULL,
  `field` varchar(255) DEFAULT NULL,
  `order` double UNSIGNED DEFAULT NULL
) ENGINE=InnoDB DEFAULT CHARSET=utf8mb4 COLLATE=utf8mb4_0900_ai_ci;

--
-- Dumping data for table `home_pages_cmps`
--

INSERT INTO `home_pages_cmps` (`id`, `entity_id`, `cmp_id`, `component_type`, `field`, `order`) VALUES
(1, 1, 9, 'single.hero-banner', 'home', 1),
(2, 1, 6, 'single.ticker', 'home', 2),
(3, 2, 10, 'single.hero-banner', 'home', 1),
(4, 2, 7, 'single.ticker', 'home', 2);

-- --------------------------------------------------------

--
-- Table structure for table `home_service_highlights`
--

CREATE TABLE `home_service_highlights` (
  `id` int UNSIGNED NOT NULL,
  `document_id` varchar(255) DEFAULT NULL,
  `created_at` datetime(6) DEFAULT NULL,
  `updated_at` datetime(6) DEFAULT NULL,
  `published_at` datetime(6) DEFAULT NULL,
  `created_by_id` int UNSIGNED DEFAULT NULL,
  `updated_by_id` int UNSIGNED DEFAULT NULL,
  `locale` varchar(255) DEFAULT NULL
) ENGINE=InnoDB DEFAULT CHARSET=utf8mb4 COLLATE=utf8mb4_0900_ai_ci;

--
-- Dumping data for table `home_service_highlights`
--

INSERT INTO `home_service_highlights` (`id`, `document_id`, `created_at`, `updated_at`, `published_at`, `created_by_id`, `updated_by_id`, `locale`) VALUES
(1, 'g2zte4h5o3565vyr4pjwt83d', '2025-06-23 15:29:55.755000', '2025-06-23 17:54:24.852000', NULL, 1, 1, 'en'),
(3, 'g2zte4h5o3565vyr4pjwt83d', '2025-06-23 15:29:55.755000', '2025-06-23 17:54:24.852000', '2025-06-23 17:54:25.101000', 1, 1, 'en');

-- --------------------------------------------------------

--
-- Table structure for table `home_service_highlights_cmps`
--

CREATE TABLE `home_service_highlights_cmps` (
  `id` int UNSIGNED NOT NULL,
  `entity_id` int UNSIGNED DEFAULT NULL,
  `cmp_id` int UNSIGNED DEFAULT NULL,
  `component_type` varchar(255) DEFAULT NULL,
  `field` varchar(255) DEFAULT NULL,
  `order` double UNSIGNED DEFAULT NULL
) ENGINE=InnoDB DEFAULT CHARSET=utf8mb4 COLLATE=utf8mb4_0900_ai_ci;

--
-- Dumping data for table `home_service_highlights_cmps`
--

INSERT INTO `home_service_highlights_cmps` (`id`, `entity_id`, `cmp_id`, `component_type`, `field`, `order`) VALUES
(1, 1, 1, 'single.service-highlights', 'serviceHightlights', NULL),
(4, 3, 3, 'single.service-highlights', 'serviceHightlights', NULL);

-- --------------------------------------------------------

--
-- Table structure for table `home_tickers`
--

CREATE TABLE `home_tickers` (
  `id` int UNSIGNED NOT NULL,
  `document_id` varchar(255) DEFAULT NULL,
  `created_at` datetime(6) DEFAULT NULL,
  `updated_at` datetime(6) DEFAULT NULL,
  `published_at` datetime(6) DEFAULT NULL,
  `created_by_id` int UNSIGNED DEFAULT NULL,
  `updated_by_id` int UNSIGNED DEFAULT NULL,
  `locale` varchar(255) DEFAULT NULL
) ENGINE=InnoDB DEFAULT CHARSET=utf8mb4 COLLATE=utf8mb4_0900_ai_ci;

--
-- Dumping data for table `home_tickers`
--

INSERT INTO `home_tickers` (`id`, `document_id`, `created_at`, `updated_at`, `published_at`, `created_by_id`, `updated_by_id`, `locale`) VALUES
(1, 'vql8mdyvxqdptwxco4q81mf5', '2025-06-23 17:06:41.638000', '2025-06-23 17:06:41.638000', NULL, 1, 1, 'en'),
(2, 'vql8mdyvxqdptwxco4q81mf5', '2025-06-23 17:06:41.638000', '2025-06-23 17:06:41.638000', '2025-06-23 17:06:41.676000', 1, 1, 'en');

-- --------------------------------------------------------

--
-- Table structure for table `home_tickers_cmps`
--

CREATE TABLE `home_tickers_cmps` (
  `id` int UNSIGNED NOT NULL,
  `entity_id` int UNSIGNED DEFAULT NULL,
  `cmp_id` int UNSIGNED DEFAULT NULL,
  `component_type` varchar(255) DEFAULT NULL,
  `field` varchar(255) DEFAULT NULL,
  `order` double UNSIGNED DEFAULT NULL
) ENGINE=InnoDB DEFAULT CHARSET=utf8mb4 COLLATE=utf8mb4_0900_ai_ci;

--
-- Dumping data for table `home_tickers_cmps`
--

INSERT INTO `home_tickers_cmps` (`id`, `entity_id`, `cmp_id`, `component_type`, `field`, `order`) VALUES
(1, 1, 4, 'single.ticker', 'ticker', NULL),
(2, 2, 5, 'single.ticker', 'ticker', NULL);

-- --------------------------------------------------------

--
-- Table structure for table `i18n_locale`
--

CREATE TABLE `i18n_locale` (
  `id` int UNSIGNED NOT NULL,
  `document_id` varchar(255) DEFAULT NULL,
  `name` varchar(255) DEFAULT NULL,
  `code` varchar(255) DEFAULT NULL,
  `created_at` datetime(6) DEFAULT NULL,
  `updated_at` datetime(6) DEFAULT NULL,
  `published_at` datetime(6) DEFAULT NULL,
  `created_by_id` int UNSIGNED DEFAULT NULL,
  `updated_by_id` int UNSIGNED DEFAULT NULL,
  `locale` varchar(255) DEFAULT NULL
) ENGINE=InnoDB DEFAULT CHARSET=utf8mb4 COLLATE=utf8mb4_0900_ai_ci;

--
-- Dumping data for table `i18n_locale`
--

INSERT INTO `i18n_locale` (`id`, `document_id`, `name`, `code`, `created_at`, `updated_at`, `published_at`, `created_by_id`, `updated_by_id`, `locale`) VALUES
(1, 'fg2285wj03l2i7uea4l3daro', 'English (en)', 'en', '2025-06-20 13:37:58.770000', '2025-06-20 13:37:58.770000', '2025-06-20 13:37:58.772000', NULL, NULL, NULL),
(2, 'ccx5qmizfwbbxzwturgprgt1', 'English (United States) (en-US)', 'en-US', '2025-06-25 15:37:10.942000', '2025-06-25 15:37:10.942000', '2025-06-25 15:37:10.965000', 1, 1, NULL);

-- --------------------------------------------------------

--
-- Table structure for table `strapi_api_token_permissions`
--

CREATE TABLE `strapi_api_token_permissions` (
  `id` int UNSIGNED NOT NULL,
  `document_id` varchar(255) DEFAULT NULL,
  `action` varchar(255) DEFAULT NULL,
  `created_at` datetime(6) DEFAULT NULL,
  `updated_at` datetime(6) DEFAULT NULL,
  `published_at` datetime(6) DEFAULT NULL,
  `created_by_id` int UNSIGNED DEFAULT NULL,
  `updated_by_id` int UNSIGNED DEFAULT NULL,
  `locale` varchar(255) DEFAULT NULL
) ENGINE=InnoDB DEFAULT CHARSET=utf8mb4 COLLATE=utf8mb4_0900_ai_ci;

-- --------------------------------------------------------

--
-- Table structure for table `strapi_history_versions`
--

CREATE TABLE `strapi_history_versions` (
  `id` int UNSIGNED NOT NULL,
  `content_type` varchar(255) NOT NULL,
  `related_document_id` varchar(255) DEFAULT NULL,
  `locale` varchar(255) DEFAULT NULL,
  `status` varchar(255) DEFAULT NULL,
  `data` json DEFAULT NULL,
  `schema` json DEFAULT NULL,
  `created_at` datetime(6) DEFAULT NULL,
  `created_by_id` int UNSIGNED DEFAULT NULL
) ENGINE=InnoDB DEFAULT CHARSET=utf8mb4 COLLATE=utf8mb4_0900_ai_ci;

-- --------------------------------------------------------

--
-- Table structure for table `strapi_migrations`
--

CREATE TABLE `strapi_migrations` (
  `id` int UNSIGNED NOT NULL,
  `name` varchar(255) DEFAULT NULL,
  `time` datetime DEFAULT NULL
) ENGINE=InnoDB DEFAULT CHARSET=utf8mb4 COLLATE=utf8mb4_0900_ai_ci;

-- --------------------------------------------------------

--
-- Table structure for table `strapi_migrations_internal`
--

CREATE TABLE `strapi_migrations_internal` (
  `id` int UNSIGNED NOT NULL,
  `name` varchar(255) DEFAULT NULL,
  `time` datetime DEFAULT NULL
) ENGINE=InnoDB DEFAULT CHARSET=utf8mb4 COLLATE=utf8mb4_0900_ai_ci;

--
-- Dumping data for table `strapi_migrations_internal`
--

INSERT INTO `strapi_migrations_internal` (`id`, `name`, `time`) VALUES
(1, '5.0.0-rename-identifiers-longer-than-max-length', '2025-06-20 13:30:06'),
(2, '5.0.0-02-created-document-id', '2025-06-20 13:30:07'),
(3, '5.0.0-03-created-locale', '2025-06-20 13:30:07'),
(4, '5.0.0-04-created-published-at', '2025-06-20 13:30:07'),
(5, '5.0.0-05-drop-slug-fields-index', '2025-06-20 13:30:07'),
(6, 'core::5.0.0-discard-drafts', '2025-06-20 13:30:07');

-- --------------------------------------------------------

--
-- Table structure for table `strapi_releases`
--

CREATE TABLE `strapi_releases` (
  `id` int UNSIGNED NOT NULL,
  `document_id` varchar(255) DEFAULT NULL,
  `name` varchar(255) DEFAULT NULL,
  `released_at` datetime(6) DEFAULT NULL,
  `scheduled_at` datetime(6) DEFAULT NULL,
  `timezone` varchar(255) DEFAULT NULL,
  `status` varchar(255) DEFAULT NULL,
  `created_at` datetime(6) DEFAULT NULL,
  `updated_at` datetime(6) DEFAULT NULL,
  `published_at` datetime(6) DEFAULT NULL,
  `created_by_id` int UNSIGNED DEFAULT NULL,
  `updated_by_id` int UNSIGNED DEFAULT NULL,
  `locale` varchar(255) DEFAULT NULL
) ENGINE=InnoDB DEFAULT CHARSET=utf8mb4 COLLATE=utf8mb4_0900_ai_ci;

-- --------------------------------------------------------

--
-- Table structure for table `strapi_release_actions`
--

CREATE TABLE `strapi_release_actions` (
  `id` int UNSIGNED NOT NULL,
  `document_id` varchar(255) DEFAULT NULL,
  `type` varchar(255) DEFAULT NULL,
  `content_type` varchar(255) DEFAULT NULL,
  `entry_document_id` varchar(255) DEFAULT NULL,
  `locale` varchar(255) DEFAULT NULL,
  `is_entry_valid` tinyint(1) DEFAULT NULL,
  `created_at` datetime(6) DEFAULT NULL,
  `updated_at` datetime(6) DEFAULT NULL,
  `published_at` datetime(6) DEFAULT NULL,
  `created_by_id` int UNSIGNED DEFAULT NULL,
  `updated_by_id` int UNSIGNED DEFAULT NULL
) ENGINE=InnoDB DEFAULT CHARSET=utf8mb4 COLLATE=utf8mb4_0900_ai_ci;

-- --------------------------------------------------------

--
-- Table structure for table `strapi_release_actions_release_lnk`
--

CREATE TABLE `strapi_release_actions_release_lnk` (
  `id` int UNSIGNED NOT NULL,
  `release_action_id` int UNSIGNED DEFAULT NULL,
  `release_id` int UNSIGNED DEFAULT NULL,
  `release_action_ord` double UNSIGNED DEFAULT NULL
) ENGINE=InnoDB DEFAULT CHARSET=utf8mb4 COLLATE=utf8mb4_0900_ai_ci;

-- --------------------------------------------------------

--
-- Table structure for table `strapi_transfer_token_permissions`
--

CREATE TABLE `strapi_transfer_token_permissions` (
  `id` int UNSIGNED NOT NULL,
  `document_id` varchar(255) DEFAULT NULL,
  `action` varchar(255) DEFAULT NULL,
  `created_at` datetime(6) DEFAULT NULL,
  `updated_at` datetime(6) DEFAULT NULL,
  `published_at` datetime(6) DEFAULT NULL,
  `created_by_id` int UNSIGNED DEFAULT NULL,
  `updated_by_id` int UNSIGNED DEFAULT NULL,
  `locale` varchar(255) DEFAULT NULL
) ENGINE=InnoDB DEFAULT CHARSET=utf8mb4 COLLATE=utf8mb4_0900_ai_ci;

-- --------------------------------------------------------

--
-- Table structure for table `strapi_transfer_token_permissions_token_lnk`
--

CREATE TABLE `strapi_transfer_token_permissions_token_lnk` (
  `id` int UNSIGNED NOT NULL,
  `transfer_token_permission_id` int UNSIGNED DEFAULT NULL,
  `transfer_token_id` int UNSIGNED DEFAULT NULL,
  `transfer_token_permission_ord` double UNSIGNED DEFAULT NULL
) ENGINE=InnoDB DEFAULT CHARSET=utf8mb4 COLLATE=utf8mb4_0900_ai_ci;

-- --------------------------------------------------------

--
-- Table structure for table `strapi_webhooks`
--

CREATE TABLE `strapi_webhooks` (
  `id` int UNSIGNED NOT NULL,
  `name` varchar(255) DEFAULT NULL,
  `url` longtext,
  `headers` json DEFAULT NULL,
  `events` json DEFAULT NULL,
  `enabled` tinyint(1) DEFAULT NULL
) ENGINE=InnoDB DEFAULT CHARSET=utf8mb4 COLLATE=utf8mb4_0900_ai_ci;

-- --------------------------------------------------------

--
-- Table structure for table `strapi_workflows`
--

CREATE TABLE `strapi_workflows` (
  `id` int UNSIGNED NOT NULL,
  `document_id` varchar(255) DEFAULT NULL,
  `name` varchar(255) DEFAULT NULL,
  `content_types` json DEFAULT NULL,
  `created_at` datetime(6) DEFAULT NULL,
  `updated_at` datetime(6) DEFAULT NULL,
  `published_at` datetime(6) DEFAULT NULL,
  `created_by_id` int UNSIGNED DEFAULT NULL,
  `updated_by_id` int UNSIGNED DEFAULT NULL,
  `locale` varchar(255) DEFAULT NULL
) ENGINE=InnoDB DEFAULT CHARSET=utf8mb4 COLLATE=utf8mb4_0900_ai_ci;

-- --------------------------------------------------------

--
-- Table structure for table `strapi_workflows_stages`
--

CREATE TABLE `strapi_workflows_stages` (
  `id` int UNSIGNED NOT NULL,
  `document_id` varchar(255) DEFAULT NULL,
  `name` varchar(255) DEFAULT NULL,
  `color` varchar(255) DEFAULT NULL,
  `created_at` datetime(6) DEFAULT NULL,
  `updated_at` datetime(6) DEFAULT NULL,
  `published_at` datetime(6) DEFAULT NULL,
  `created_by_id` int UNSIGNED DEFAULT NULL,
  `updated_by_id` int UNSIGNED DEFAULT NULL,
  `locale` varchar(255) DEFAULT NULL
) ENGINE=InnoDB DEFAULT CHARSET=utf8mb4 COLLATE=utf8mb4_0900_ai_ci;

-- --------------------------------------------------------

--
-- Table structure for table `strapi_workflows_stages_permissions_lnk`
--

CREATE TABLE `strapi_workflows_stages_permissions_lnk` (
  `id` int UNSIGNED NOT NULL,
  `workflow_stage_id` int UNSIGNED DEFAULT NULL,
  `permission_id` int UNSIGNED DEFAULT NULL,
  `permission_ord` double UNSIGNED DEFAULT NULL
) ENGINE=InnoDB DEFAULT CHARSET=utf8mb4 COLLATE=utf8mb4_0900_ai_ci;

-- --------------------------------------------------------

--
-- Table structure for table `strapi_workflows_stages_workflow_lnk`
--

CREATE TABLE `strapi_workflows_stages_workflow_lnk` (
  `id` int UNSIGNED NOT NULL,
  `workflow_stage_id` int UNSIGNED DEFAULT NULL,
  `workflow_id` int UNSIGNED DEFAULT NULL,
  `workflow_stage_ord` double UNSIGNED DEFAULT NULL
) ENGINE=InnoDB DEFAULT CHARSET=utf8mb4 COLLATE=utf8mb4_0900_ai_ci;

-- --------------------------------------------------------

--
-- Table structure for table `strapi_workflows_stage_required_to_publish_lnk`
--

CREATE TABLE `strapi_workflows_stage_required_to_publish_lnk` (
  `id` int UNSIGNED NOT NULL,
  `workflow_id` int UNSIGNED DEFAULT NULL,
  `workflow_stage_id` int UNSIGNED DEFAULT NULL
) ENGINE=InnoDB DEFAULT CHARSET=utf8mb4 COLLATE=utf8mb4_0900_ai_ci;

-- --------------------------------------------------------

--
-- Table structure for table `upload_folders`
--

CREATE TABLE `upload_folders` (
  `id` int UNSIGNED NOT NULL,
  `document_id` varchar(255) DEFAULT NULL,
  `name` varchar(255) DEFAULT NULL,
  `path_id` int DEFAULT NULL,
  `path` varchar(255) DEFAULT NULL,
  `created_at` datetime(6) DEFAULT NULL,
  `updated_at` datetime(6) DEFAULT NULL,
  `published_at` datetime(6) DEFAULT NULL,
  `created_by_id` int UNSIGNED DEFAULT NULL,
  `updated_by_id` int UNSIGNED DEFAULT NULL,
  `locale` varchar(255) DEFAULT NULL
) ENGINE=InnoDB DEFAULT CHARSET=utf8mb4 COLLATE=utf8mb4_0900_ai_ci;

-- --------------------------------------------------------

--
-- Table structure for table `upload_folders_parent_lnk`
--

CREATE TABLE `upload_folders_parent_lnk` (
  `id` int UNSIGNED NOT NULL,
  `folder_id` int UNSIGNED DEFAULT NULL,
  `inv_folder_id` int UNSIGNED DEFAULT NULL,
  `folder_ord` double UNSIGNED DEFAULT NULL
) ENGINE=InnoDB DEFAULT CHARSET=utf8mb4 COLLATE=utf8mb4_0900_ai_ci;

-- --------------------------------------------------------

--
-- Table structure for table `up_permissions`
--

CREATE TABLE `up_permissions` (
  `id` int UNSIGNED NOT NULL,
  `document_id` varchar(255) DEFAULT NULL,
  `action` varchar(255) DEFAULT NULL,
  `created_at` datetime(6) DEFAULT NULL,
  `updated_at` datetime(6) DEFAULT NULL,
  `published_at` datetime(6) DEFAULT NULL,
  `created_by_id` int UNSIGNED DEFAULT NULL,
  `updated_by_id` int UNSIGNED DEFAULT NULL,
  `locale` varchar(255) DEFAULT NULL
) ENGINE=InnoDB DEFAULT CHARSET=utf8mb4 COLLATE=utf8mb4_0900_ai_ci;

--
-- Dumping data for table `up_permissions`
--

INSERT INTO `up_permissions` (`id`, `document_id`, `action`, `created_at`, `updated_at`, `published_at`, `created_by_id`, `updated_by_id`, `locale`) VALUES
(1, 'dr8xwires9agwah0az6l5iae', 'plugin::users-permissions.user.me', '2025-06-20 13:37:59.608000', '2025-06-20 13:37:59.608000', '2025-06-20 13:37:59.610000', NULL, NULL, NULL),
(2, 'fkdu94m11kris10fvyuncqw3', 'plugin::users-permissions.auth.changePassword', '2025-06-20 13:37:59.608000', '2025-06-20 13:37:59.608000', '2025-06-20 13:37:59.611000', NULL, NULL, NULL),
(3, 'bcm1a5w5akn1rw0ni11wamen', 'plugin::users-permissions.auth.callback', '2025-06-20 13:37:59.669000', '2025-06-20 13:37:59.669000', '2025-06-20 13:37:59.670000', NULL, NULL, NULL),
(4, 'j2gazpt2ro5tuhg0d39zj8ro', 'plugin::users-permissions.auth.connect', '2025-06-20 13:37:59.669000', '2025-06-20 13:37:59.669000', '2025-06-20 13:37:59.671000', NULL, NULL, NULL),
(5, 'q33fxrt30x0c1s2j3jmh7jg2', 'plugin::users-permissions.auth.forgotPassword', '2025-06-20 13:37:59.669000', '2025-06-20 13:37:59.669000', '2025-06-20 13:37:59.671000', NULL, NULL, NULL),
(6, 'limhn5s5mx6y4596691vkhge', 'plugin::users-permissions.auth.resetPassword', '2025-06-20 13:37:59.669000', '2025-06-20 13:37:59.669000', '2025-06-20 13:37:59.672000', NULL, NULL, NULL),
(7, 'drfdoxx6isk5h747wr7fzpts', 'plugin::users-permissions.auth.emailConfirmation', '2025-06-20 13:37:59.669000', '2025-06-20 13:37:59.669000', '2025-06-20 13:37:59.672000', NULL, NULL, NULL),
(8, 'eag7pd2rf39tf1ahdwt83x43', 'plugin::users-permissions.auth.register', '2025-06-20 13:37:59.669000', '2025-06-20 13:37:59.669000', '2025-06-20 13:37:59.672000', NULL, NULL, NULL),
(9, 'cms51vyyndoohddc671t6966', 'plugin::users-permissions.auth.sendEmailConfirmation', '2025-06-20 13:37:59.669000', '2025-06-20 13:37:59.669000', '2025-06-20 13:37:59.672000', NULL, NULL, NULL),
(14, 'awf69y98ypt0e3uuy7ex9zml', 'api::home-service-highlight.home-service-highlight.find', '2025-06-23 15:30:56.064000', '2025-06-23 15:30:56.064000', '2025-06-23 15:30:56.065000', NULL, NULL, NULL),
(15, 'l3fcxj0h8uej1blvvbg98zbs', 'api::about-hero-banner.about-hero-banner.find', '2025-06-23 16:59:16.743000', '2025-06-23 16:59:16.743000', '2025-06-23 16:59:16.744000', NULL, NULL, NULL),
(16, 'nk2iza8z7uxhawojv4duouvj', 'api::home-hero-banner.home-hero-banner.find', '2025-06-23 17:02:52.759000', '2025-06-23 17:02:52.759000', '2025-06-23 17:02:52.760000', NULL, NULL, NULL),
(17, 'oo8pzww2ohsjei4wnfc7tm54', 'api::home-ticker.home-ticker.find', '2025-06-23 17:05:43.534000', '2025-06-23 17:05:43.534000', '2025-06-23 17:05:43.535000', NULL, NULL, NULL),
(18, 'hvsnwd2ybagerkgit6zsnyvr', 'api::home-page.home-page.find', '2025-07-01 12:57:02.471000', '2025-07-01 12:57:02.471000', '2025-07-01 12:57:02.471000', NULL, NULL, NULL);

-- --------------------------------------------------------

--
-- Table structure for table `up_permissions_role_lnk`
--

CREATE TABLE `up_permissions_role_lnk` (
  `id` int UNSIGNED NOT NULL,
  `permission_id` int UNSIGNED DEFAULT NULL,
  `role_id` int UNSIGNED DEFAULT NULL,
  `permission_ord` double UNSIGNED DEFAULT NULL
) ENGINE=InnoDB DEFAULT CHARSET=utf8mb4 COLLATE=utf8mb4_0900_ai_ci;

--
-- Dumping data for table `up_permissions_role_lnk`
--

INSERT INTO `up_permissions_role_lnk` (`id`, `permission_id`, `role_id`, `permission_ord`) VALUES
(1, 2, 1, 1),
(2, 1, 1, 1),
(3, 3, 2, 1),
(4, 4, 2, 1),
(5, 6, 2, 1),
(6, 5, 2, 1),
(7, 8, 2, 1),
(8, 7, 2, 1),
(9, 9, 2, 2),
(14, 14, 2, 5),
(15, 15, 2, 6),
(16, 16, 2, 7),
(17, 17, 2, 8),
(18, 18, 2, 9);

-- --------------------------------------------------------

--
-- Table structure for table `up_roles`
--

CREATE TABLE `up_roles` (
  `id` int UNSIGNED NOT NULL,
  `document_id` varchar(255) DEFAULT NULL,
  `name` varchar(255) DEFAULT NULL,
  `description` varchar(255) DEFAULT NULL,
  `type` varchar(255) DEFAULT NULL,
  `created_at` datetime(6) DEFAULT NULL,
  `updated_at` datetime(6) DEFAULT NULL,
  `published_at` datetime(6) DEFAULT NULL,
  `created_by_id` int UNSIGNED DEFAULT NULL,
  `updated_by_id` int UNSIGNED DEFAULT NULL,
  `locale` varchar(255) DEFAULT NULL
) ENGINE=InnoDB DEFAULT CHARSET=utf8mb4 COLLATE=utf8mb4_0900_ai_ci;

--
-- Dumping data for table `up_roles`
--

INSERT INTO `up_roles` (`id`, `document_id`, `name`, `description`, `type`, `created_at`, `updated_at`, `published_at`, `created_by_id`, `updated_by_id`, `locale`) VALUES
(1, 'rdz3kkyrxtbf7d6rszhi4y1n', 'Authenticated', 'Default role given to authenticated user.', 'authenticated', '2025-06-20 13:37:59.561000', '2025-06-20 13:37:59.561000', '2025-06-20 13:37:59.562000', NULL, NULL, NULL),
(2, 'eh78o592zidtkz2zwoux8s85', 'Public', 'Default role given to unauthenticated user.', 'public', '2025-06-20 13:37:59.576000', '2025-07-01 12:57:02.461000', '2025-06-20 13:37:59.577000', NULL, NULL, NULL);

-- --------------------------------------------------------

--
-- Table structure for table `up_users_role_lnk`
--

CREATE TABLE `up_users_role_lnk` (
  `id` int UNSIGNED NOT NULL,
  `user_id` int UNSIGNED DEFAULT NULL,
  `role_id` int UNSIGNED DEFAULT NULL,
  `user_ord` double UNSIGNED DEFAULT NULL
) ENGINE=InnoDB DEFAULT CHARSET=utf8mb4 COLLATE=utf8mb4_0900_ai_ci;

--
-- Indexes for dumped tables
--

--
-- Indexes for table `about_hero_banners`
--
ALTER TABLE `about_hero_banners`
  ADD PRIMARY KEY (`id`),
  ADD KEY `about_hero_banners_documents_idx` (`document_id`,`locale`,`published_at`),
  ADD KEY `about_hero_banners_created_by_id_fk` (`created_by_id`),
  ADD KEY `about_hero_banners_updated_by_id_fk` (`updated_by_id`);

--
-- Indexes for table `about_hero_banners_cmps`
--
ALTER TABLE `about_hero_banners_cmps`
  ADD PRIMARY KEY (`id`),
  ADD UNIQUE KEY `about_hero_banners_uq` (`entity_id`,`cmp_id`,`field`,`component_type`),
  ADD KEY `about_hero_banners_field_idx` (`field`),
  ADD KEY `about_hero_banners_component_type_idx` (`component_type`),
  ADD KEY `about_hero_banners_entity_fk` (`entity_id`);

--
-- Indexes for table `admin_permissions`
--
ALTER TABLE `admin_permissions`
  ADD PRIMARY KEY (`id`),
  ADD KEY `admin_permissions_documents_idx` (`document_id`,`locale`,`published_at`),
  ADD KEY `admin_permissions_created_by_id_fk` (`created_by_id`),
  ADD KEY `admin_permissions_updated_by_id_fk` (`updated_by_id`);

--
-- Indexes for table `admin_permissions_role_lnk`
--
ALTER TABLE `admin_permissions_role_lnk`
  ADD PRIMARY KEY (`id`),
  ADD UNIQUE KEY `admin_permissions_role_lnk_uq` (`permission_id`,`role_id`),
  ADD KEY `admin_permissions_role_lnk_fk` (`permission_id`),
  ADD KEY `admin_permissions_role_lnk_ifk` (`role_id`),
  ADD KEY `admin_permissions_role_lnk_oifk` (`permission_ord`);

--
-- Indexes for table `admin_roles`
--
ALTER TABLE `admin_roles`
  ADD PRIMARY KEY (`id`),
  ADD KEY `admin_roles_documents_idx` (`document_id`,`locale`,`published_at`),
  ADD KEY `admin_roles_created_by_id_fk` (`created_by_id`),
  ADD KEY `admin_roles_updated_by_id_fk` (`updated_by_id`);

--
-- Indexes for table `admin_users_roles_lnk`
--
ALTER TABLE `admin_users_roles_lnk`
  ADD PRIMARY KEY (`id`),
  ADD UNIQUE KEY `admin_users_roles_lnk_uq` (`user_id`,`role_id`),
  ADD KEY `admin_users_roles_lnk_fk` (`user_id`),
  ADD KEY `admin_users_roles_lnk_ifk` (`role_id`),
  ADD KEY `admin_users_roles_lnk_ofk` (`role_ord`),
  ADD KEY `admin_users_roles_lnk_oifk` (`user_ord`);

--
-- Indexes for table `components_shared_buttons`
--
ALTER TABLE `components_shared_buttons`
  ADD PRIMARY KEY (`id`);

--
-- Indexes for table `components_shared_long_texts`
--
ALTER TABLE `components_shared_long_texts`
  ADD PRIMARY KEY (`id`);

--
-- Indexes for table `components_shared_service_cards`
--
ALTER TABLE `components_shared_service_cards`
  ADD PRIMARY KEY (`id`);

--
-- Indexes for table `components_shared_service_cards_cmps`
--
ALTER TABLE `components_shared_service_cards_cmps`
  ADD PRIMARY KEY (`id`),
  ADD UNIQUE KEY `components_shared_service_cards_uq` (`entity_id`,`cmp_id`,`field`,`component_type`),
  ADD KEY `components_shared_service_cards_field_idx` (`field`),
  ADD KEY `components_shared_service_cards_component_type_idx` (`component_type`),
  ADD KEY `components_shared_service_cards_entity_fk` (`entity_id`);

--
-- Indexes for table `components_shared_texts`
--
ALTER TABLE `components_shared_texts`
  ADD PRIMARY KEY (`id`);

--
-- Indexes for table `components_single_hero_banners`
--
ALTER TABLE `components_single_hero_banners`
  ADD PRIMARY KEY (`id`);

--
-- Indexes for table `components_single_hero_banners_cmps`
--
ALTER TABLE `components_single_hero_banners_cmps`
  ADD PRIMARY KEY (`id`),
  ADD UNIQUE KEY `components_single_hero_banners_uq` (`entity_id`,`cmp_id`,`field`,`component_type`),
  ADD KEY `components_single_hero_banners_field_idx` (`field`),
  ADD KEY `components_single_hero_banners_component_type_idx` (`component_type`),
  ADD KEY `components_single_hero_banners_entity_fk` (`entity_id`);

--
-- Indexes for table `components_single_service_highlights`
--
ALTER TABLE `components_single_service_highlights`
  ADD PRIMARY KEY (`id`);

--
-- Indexes for table `components_single_service_highlights_cmps`
--
ALTER TABLE `components_single_service_highlights_cmps`
  ADD PRIMARY KEY (`id`),
  ADD UNIQUE KEY `components_single_service_highlights_uq` (`entity_id`,`cmp_id`,`field`,`component_type`),
  ADD KEY `components_single_service_highlights_field_idx` (`field`),
  ADD KEY `components_single_service_highlights_component_type_idx` (`component_type`),
  ADD KEY `components_single_service_highlights_entity_fk` (`entity_id`);

--
-- Indexes for table `components_single_tickers`
--
ALTER TABLE `components_single_tickers`
  ADD PRIMARY KEY (`id`);

--
-- Indexes for table `components_single_tickers_cmps`
--
ALTER TABLE `components_single_tickers_cmps`
  ADD PRIMARY KEY (`id`),
  ADD UNIQUE KEY `components_single_tickers_uq` (`entity_id`,`cmp_id`,`field`,`component_type`),
  ADD KEY `components_single_tickers_field_idx` (`field`),
  ADD KEY `components_single_tickers_component_type_idx` (`component_type`),
  ADD KEY `components_single_tickers_entity_fk` (`entity_id`);

--
-- Indexes for table `files_folder_lnk`
--
ALTER TABLE `files_folder_lnk`
  ADD PRIMARY KEY (`id`),
  ADD UNIQUE KEY `files_folder_lnk_uq` (`file_id`,`folder_id`),
  ADD KEY `files_folder_lnk_fk` (`file_id`),
  ADD KEY `files_folder_lnk_ifk` (`folder_id`),
  ADD KEY `files_folder_lnk_oifk` (`file_ord`);

--
-- Indexes for table `files_related_mph`
--
ALTER TABLE `files_related_mph`
  ADD PRIMARY KEY (`id`),
  ADD KEY `files_related_mph_fk` (`file_id`),
  ADD KEY `files_related_mph_oidx` (`order`),
  ADD KEY `files_related_mph_idix` (`related_id`);

--
-- Indexes for table `home_hero_banners`
--
ALTER TABLE `home_hero_banners`
  ADD PRIMARY KEY (`id`),
  ADD KEY `home_hero_banners_documents_idx` (`document_id`,`locale`,`published_at`),
  ADD KEY `home_hero_banners_created_by_id_fk` (`created_by_id`),
  ADD KEY `home_hero_banners_updated_by_id_fk` (`updated_by_id`);

--
-- Indexes for table `home_hero_banners_cmps`
--
ALTER TABLE `home_hero_banners_cmps`
  ADD PRIMARY KEY (`id`),
  ADD UNIQUE KEY `home_hero_banners_uq` (`entity_id`,`cmp_id`,`field`,`component_type`),
  ADD KEY `home_hero_banners_field_idx` (`field`),
  ADD KEY `home_hero_banners_component_type_idx` (`component_type`),
  ADD KEY `home_hero_banners_entity_fk` (`entity_id`);

--
-- Indexes for table `home_pages`
--
ALTER TABLE `home_pages`
  ADD PRIMARY KEY (`id`),
  ADD KEY `home_pages_documents_idx` (`document_id`,`locale`,`published_at`),
  ADD KEY `home_pages_created_by_id_fk` (`created_by_id`),
  ADD KEY `home_pages_updated_by_id_fk` (`updated_by_id`);

--
-- Indexes for table `home_pages_cmps`
--
ALTER TABLE `home_pages_cmps`
  ADD PRIMARY KEY (`id`),
  ADD UNIQUE KEY `home_pages_uq` (`entity_id`,`cmp_id`,`field`,`component_type`),
  ADD KEY `home_pages_field_idx` (`field`),
  ADD KEY `home_pages_component_type_idx` (`component_type`),
  ADD KEY `home_pages_entity_fk` (`entity_id`);

--
-- Indexes for table `home_service_highlights`
--
ALTER TABLE `home_service_highlights`
  ADD PRIMARY KEY (`id`),
  ADD KEY `home_service_highlights_documents_idx` (`document_id`,`locale`,`published_at`),
  ADD KEY `home_service_highlights_created_by_id_fk` (`created_by_id`),
  ADD KEY `home_service_highlights_updated_by_id_fk` (`updated_by_id`);

--
-- Indexes for table `home_service_highlights_cmps`
--
ALTER TABLE `home_service_highlights_cmps`
  ADD PRIMARY KEY (`id`),
  ADD UNIQUE KEY `home_service_highlights_uq` (`entity_id`,`cmp_id`,`field`,`component_type`),
  ADD KEY `home_service_highlights_field_idx` (`field`),
  ADD KEY `home_service_highlights_component_type_idx` (`component_type`),
  ADD KEY `home_service_highlights_entity_fk` (`entity_id`);

--
-- Indexes for table `home_tickers`
--
ALTER TABLE `home_tickers`
  ADD PRIMARY KEY (`id`),
  ADD KEY `home_tickers_documents_idx` (`document_id`,`locale`,`published_at`),
  ADD KEY `home_tickers_created_by_id_fk` (`created_by_id`),
  ADD KEY `home_tickers_updated_by_id_fk` (`updated_by_id`);

--
-- Indexes for table `home_tickers_cmps`
--
ALTER TABLE `home_tickers_cmps`
  ADD PRIMARY KEY (`id`),
  ADD UNIQUE KEY `home_tickers_uq` (`entity_id`,`cmp_id`,`field`,`component_type`),
  ADD KEY `home_tickers_field_idx` (`field`),
  ADD KEY `home_tickers_component_type_idx` (`component_type`),
  ADD KEY `home_tickers_entity_fk` (`entity_id`);

--
-- Indexes for table `i18n_locale`
--
ALTER TABLE `i18n_locale`
  ADD PRIMARY KEY (`id`),
  ADD KEY `i18n_locale_documents_idx` (`document_id`,`locale`,`published_at`),
  ADD KEY `i18n_locale_created_by_id_fk` (`created_by_id`),
  ADD KEY `i18n_locale_updated_by_id_fk` (`updated_by_id`);

--
-- Indexes for table `strapi_api_token_permissions`
--
ALTER TABLE `strapi_api_token_permissions`
  ADD PRIMARY KEY (`id`),
  ADD KEY `strapi_api_token_permissions_documents_idx` (`document_id`,`locale`,`published_at`),
  ADD KEY `strapi_api_token_permissions_created_by_id_fk` (`created_by_id`),
  ADD KEY `strapi_api_token_permissions_updated_by_id_fk` (`updated_by_id`);

--
-- Indexes for table `strapi_history_versions`
--
ALTER TABLE `strapi_history_versions`
  ADD PRIMARY KEY (`id`),
  ADD KEY `strapi_history_versions_created_by_id_fk` (`created_by_id`);

--
-- Indexes for table `strapi_migrations`
--
ALTER TABLE `strapi_migrations`
  ADD PRIMARY KEY (`id`);

--
-- Indexes for table `strapi_migrations_internal`
--
ALTER TABLE `strapi_migrations_internal`
  ADD PRIMARY KEY (`id`);

--
-- Indexes for table `strapi_releases`
--
ALTER TABLE `strapi_releases`
  ADD PRIMARY KEY (`id`),
  ADD KEY `strapi_releases_documents_idx` (`document_id`,`locale`,`published_at`),
  ADD KEY `strapi_releases_created_by_id_fk` (`created_by_id`),
  ADD KEY `strapi_releases_updated_by_id_fk` (`updated_by_id`);

--
-- Indexes for table `strapi_release_actions`
--
ALTER TABLE `strapi_release_actions`
  ADD PRIMARY KEY (`id`),
  ADD KEY `strapi_release_actions_documents_idx` (`document_id`,`locale`,`published_at`),
  ADD KEY `strapi_release_actions_created_by_id_fk` (`created_by_id`),
  ADD KEY `strapi_release_actions_updated_by_id_fk` (`updated_by_id`);

--
-- Indexes for table `strapi_release_actions_release_lnk`
--
ALTER TABLE `strapi_release_actions_release_lnk`
  ADD PRIMARY KEY (`id`),
  ADD UNIQUE KEY `strapi_release_actions_release_lnk_uq` (`release_action_id`,`release_id`),
  ADD KEY `strapi_release_actions_release_lnk_fk` (`release_action_id`),
  ADD KEY `strapi_release_actions_release_lnk_ifk` (`release_id`),
  ADD KEY `strapi_release_actions_release_lnk_oifk` (`release_action_ord`);

--
-- Indexes for table `strapi_transfer_token_permissions`
--
ALTER TABLE `strapi_transfer_token_permissions`
  ADD PRIMARY KEY (`id`),
  ADD KEY `strapi_transfer_token_permissions_documents_idx` (`document_id`,`locale`,`published_at`),
  ADD KEY `strapi_transfer_token_permissions_created_by_id_fk` (`created_by_id`),
  ADD KEY `strapi_transfer_token_permissions_updated_by_id_fk` (`updated_by_id`);

--
-- Indexes for table `strapi_transfer_token_permissions_token_lnk`
--
ALTER TABLE `strapi_transfer_token_permissions_token_lnk`
  ADD PRIMARY KEY (`id`),
  ADD UNIQUE KEY `strapi_transfer_token_permissions_token_lnk_uq` (`transfer_token_permission_id`,`transfer_token_id`),
  ADD KEY `strapi_transfer_token_permissions_token_lnk_fk` (`transfer_token_permission_id`),
  ADD KEY `strapi_transfer_token_permissions_token_lnk_ifk` (`transfer_token_id`),
  ADD KEY `strapi_transfer_token_permissions_token_lnk_oifk` (`transfer_token_permission_ord`);

--
-- Indexes for table `strapi_webhooks`
--
ALTER TABLE `strapi_webhooks`
  ADD PRIMARY KEY (`id`);

--
-- Indexes for table `strapi_workflows`
--
ALTER TABLE `strapi_workflows`
  ADD PRIMARY KEY (`id`),
  ADD KEY `strapi_workflows_documents_idx` (`document_id`,`locale`,`published_at`),
  ADD KEY `strapi_workflows_created_by_id_fk` (`created_by_id`),
  ADD KEY `strapi_workflows_updated_by_id_fk` (`updated_by_id`);

--
-- Indexes for table `strapi_workflows_stages`
--
ALTER TABLE `strapi_workflows_stages`
  ADD PRIMARY KEY (`id`),
  ADD KEY `strapi_workflows_stages_documents_idx` (`document_id`,`locale`,`published_at`),
  ADD KEY `strapi_workflows_stages_created_by_id_fk` (`created_by_id`),
  ADD KEY `strapi_workflows_stages_updated_by_id_fk` (`updated_by_id`);

--
-- Indexes for table `strapi_workflows_stages_permissions_lnk`
--
ALTER TABLE `strapi_workflows_stages_permissions_lnk`
  ADD PRIMARY KEY (`id`),
  ADD UNIQUE KEY `strapi_workflows_stages_permissions_lnk_uq` (`workflow_stage_id`,`permission_id`),
  ADD KEY `strapi_workflows_stages_permissions_lnk_fk` (`workflow_stage_id`),
  ADD KEY `strapi_workflows_stages_permissions_lnk_ifk` (`permission_id`),
  ADD KEY `strapi_workflows_stages_permissions_lnk_ofk` (`permission_ord`);

--
-- Indexes for table `strapi_workflows_stages_workflow_lnk`
--
ALTER TABLE `strapi_workflows_stages_workflow_lnk`
  ADD PRIMARY KEY (`id`),
  ADD UNIQUE KEY `strapi_workflows_stages_workflow_lnk_uq` (`workflow_stage_id`,`workflow_id`),
  ADD KEY `strapi_workflows_stages_workflow_lnk_fk` (`workflow_stage_id`),
  ADD KEY `strapi_workflows_stages_workflow_lnk_ifk` (`workflow_id`),
  ADD KEY `strapi_workflows_stages_workflow_lnk_oifk` (`workflow_stage_ord`);

--
-- Indexes for table `strapi_workflows_stage_required_to_publish_lnk`
--
ALTER TABLE `strapi_workflows_stage_required_to_publish_lnk`
  ADD PRIMARY KEY (`id`),
  ADD UNIQUE KEY `strapi_workflows_stage_required_to_publish_lnk_uq` (`workflow_id`,`workflow_stage_id`),
  ADD KEY `strapi_workflows_stage_required_to_publish_lnk_fk` (`workflow_id`),
  ADD KEY `strapi_workflows_stage_required_to_publish_lnk_ifk` (`workflow_stage_id`);

--
-- Indexes for table `upload_folders`
--
ALTER TABLE `upload_folders`
  ADD PRIMARY KEY (`id`),
  ADD UNIQUE KEY `upload_folders_path_id_index` (`path_id`),
  ADD UNIQUE KEY `upload_folders_path_index` (`path`),
  ADD KEY `upload_folders_documents_idx` (`document_id`,`locale`,`published_at`),
  ADD KEY `upload_folders_created_by_id_fk` (`created_by_id`),
  ADD KEY `upload_folders_updated_by_id_fk` (`updated_by_id`);

--
-- Indexes for table `upload_folders_parent_lnk`
--
ALTER TABLE `upload_folders_parent_lnk`
  ADD PRIMARY KEY (`id`),
  ADD UNIQUE KEY `upload_folders_parent_lnk_uq` (`folder_id`,`inv_folder_id`),
  ADD KEY `upload_folders_parent_lnk_fk` (`folder_id`),
  ADD KEY `upload_folders_parent_lnk_ifk` (`inv_folder_id`),
  ADD KEY `upload_folders_parent_lnk_oifk` (`folder_ord`);

--
-- Indexes for table `up_permissions`
--
ALTER TABLE `up_permissions`
  ADD PRIMARY KEY (`id`),
  ADD KEY `up_permissions_documents_idx` (`document_id`,`locale`,`published_at`),
  ADD KEY `up_permissions_created_by_id_fk` (`created_by_id`),
  ADD KEY `up_permissions_updated_by_id_fk` (`updated_by_id`);

--
-- Indexes for table `up_permissions_role_lnk`
--
ALTER TABLE `up_permissions_role_lnk`
  ADD PRIMARY KEY (`id`),
  ADD UNIQUE KEY `up_permissions_role_lnk_uq` (`permission_id`,`role_id`),
  ADD KEY `up_permissions_role_lnk_fk` (`permission_id`),
  ADD KEY `up_permissions_role_lnk_ifk` (`role_id`),
  ADD KEY `up_permissions_role_lnk_oifk` (`permission_ord`);

--
-- Indexes for table `up_roles`
--
ALTER TABLE `up_roles`
  ADD PRIMARY KEY (`id`),
  ADD KEY `up_roles_documents_idx` (`document_id`,`locale`,`published_at`),
  ADD KEY `up_roles_created_by_id_fk` (`created_by_id`),
  ADD KEY `up_roles_updated_by_id_fk` (`updated_by_id`);

--
-- Indexes for table `up_users_role_lnk`
--
ALTER TABLE `up_users_role_lnk`
  ADD PRIMARY KEY (`id`),
  ADD UNIQUE KEY `up_users_role_lnk_uq` (`user_id`,`role_id`),
  ADD KEY `up_users_role_lnk_fk` (`user_id`),
  ADD KEY `up_users_role_lnk_ifk` (`role_id`),
  ADD KEY `up_users_role_lnk_oifk` (`user_ord`);

--
-- AUTO_INCREMENT for dumped tables
--

--
-- AUTO_INCREMENT for table `about_hero_banners`
--
ALTER TABLE `about_hero_banners`
  MODIFY `id` int UNSIGNED NOT NULL AUTO_INCREMENT;

--
-- AUTO_INCREMENT for table `about_hero_banners_cmps`
--
ALTER TABLE `about_hero_banners_cmps`
  MODIFY `id` int UNSIGNED NOT NULL AUTO_INCREMENT;

--
-- AUTO_INCREMENT for table `admin_permissions`
--
ALTER TABLE `admin_permissions`
  MODIFY `id` int UNSIGNED NOT NULL AUTO_INCREMENT, AUTO_INCREMENT=167;

--
-- AUTO_INCREMENT for table `admin_permissions_role_lnk`
--
ALTER TABLE `admin_permissions_role_lnk`
  MODIFY `id` int UNSIGNED NOT NULL AUTO_INCREMENT, AUTO_INCREMENT=187;

--
-- AUTO_INCREMENT for table `admin_roles`
--
ALTER TABLE `admin_roles`
  MODIFY `id` int UNSIGNED NOT NULL AUTO_INCREMENT, AUTO_INCREMENT=4;

--
-- AUTO_INCREMENT for table `admin_users_roles_lnk`
--
ALTER TABLE `admin_users_roles_lnk`
  MODIFY `id` int UNSIGNED NOT NULL AUTO_INCREMENT, AUTO_INCREMENT=2;

--
-- AUTO_INCREMENT for table `components_shared_buttons`
--
ALTER TABLE `components_shared_buttons`
  MODIFY `id` int UNSIGNED NOT NULL AUTO_INCREMENT, AUTO_INCREMENT=28;

--
-- AUTO_INCREMENT for table `components_shared_long_texts`
--
ALTER TABLE `components_shared_long_texts`
  MODIFY `id` int UNSIGNED NOT NULL AUTO_INCREMENT, AUTO_INCREMENT=4;

--
-- AUTO_INCREMENT for table `components_shared_service_cards`
--
ALTER TABLE `components_shared_service_cards`
  MODIFY `id` int UNSIGNED NOT NULL AUTO_INCREMENT, AUTO_INCREMENT=7;

--
-- AUTO_INCREMENT for table `components_shared_service_cards_cmps`
--
ALTER TABLE `components_shared_service_cards_cmps`
  MODIFY `id` int UNSIGNED NOT NULL AUTO_INCREMENT, AUTO_INCREMENT=13;

--
-- AUTO_INCREMENT for table `components_shared_texts`
--
ALTER TABLE `components_shared_texts`
  MODIFY `id` int UNSIGNED NOT NULL AUTO_INCREMENT, AUTO_INCREMENT=68;

--
-- AUTO_INCREMENT for table `components_single_hero_banners`
--
ALTER TABLE `components_single_hero_banners`
  MODIFY `id` int UNSIGNED NOT NULL AUTO_INCREMENT, AUTO_INCREMENT=11;

--
-- AUTO_INCREMENT for table `components_single_hero_banners_cmps`
--
ALTER TABLE `components_single_hero_banners_cmps`
  MODIFY `id` int UNSIGNED NOT NULL AUTO_INCREMENT, AUTO_INCREMENT=33;

--
-- AUTO_INCREMENT for table `components_single_service_highlights`
--
ALTER TABLE `components_single_service_highlights`
  MODIFY `id` int UNSIGNED NOT NULL AUTO_INCREMENT, AUTO_INCREMENT=4;

--
-- AUTO_INCREMENT for table `components_single_service_highlights_cmps`
--
ALTER TABLE `components_single_service_highlights_cmps`
  MODIFY `id` int UNSIGNED NOT NULL AUTO_INCREMENT, AUTO_INCREMENT=25;

--
-- AUTO_INCREMENT for table `components_single_tickers`
--
ALTER TABLE `components_single_tickers`
  MODIFY `id` int UNSIGNED NOT NULL AUTO_INCREMENT, AUTO_INCREMENT=8;

--
-- AUTO_INCREMENT for table `components_single_tickers_cmps`
--
ALTER TABLE `components_single_tickers_cmps`
  MODIFY `id` int UNSIGNED NOT NULL AUTO_INCREMENT, AUTO_INCREMENT=25;

--
-- AUTO_INCREMENT for table `files_folder_lnk`
--
ALTER TABLE `files_folder_lnk`
  MODIFY `id` int UNSIGNED NOT NULL AUTO_INCREMENT;

--
-- AUTO_INCREMENT for table `files_related_mph`
--
ALTER TABLE `files_related_mph`
  MODIFY `id` int UNSIGNED NOT NULL AUTO_INCREMENT, AUTO_INCREMENT=15;

--
-- AUTO_INCREMENT for table `home_hero_banners`
--
ALTER TABLE `home_hero_banners`
  MODIFY `id` int UNSIGNED NOT NULL AUTO_INCREMENT, AUTO_INCREMENT=3;

--
-- AUTO_INCREMENT for table `home_hero_banners_cmps`
--
ALTER TABLE `home_hero_banners_cmps`
  MODIFY `id` int UNSIGNED NOT NULL AUTO_INCREMENT, AUTO_INCREMENT=3;

--
-- AUTO_INCREMENT for table `home_pages`
--
ALTER TABLE `home_pages`
  MODIFY `id` int UNSIGNED NOT NULL AUTO_INCREMENT, AUTO_INCREMENT=3;

--
-- AUTO_INCREMENT for table `home_pages_cmps`
--
ALTER TABLE `home_pages_cmps`
  MODIFY `id` int UNSIGNED NOT NULL AUTO_INCREMENT, AUTO_INCREMENT=5;

--
-- AUTO_INCREMENT for table `home_service_highlights`
--
ALTER TABLE `home_service_highlights`
  MODIFY `id` int UNSIGNED NOT NULL AUTO_INCREMENT, AUTO_INCREMENT=4;

--
-- AUTO_INCREMENT for table `home_service_highlights_cmps`
--
ALTER TABLE `home_service_highlights_cmps`
  MODIFY `id` int UNSIGNED NOT NULL AUTO_INCREMENT, AUTO_INCREMENT=5;

--
-- AUTO_INCREMENT for table `home_tickers`
--
ALTER TABLE `home_tickers`
  MODIFY `id` int UNSIGNED NOT NULL AUTO_INCREMENT, AUTO_INCREMENT=3;

--
-- AUTO_INCREMENT for table `home_tickers_cmps`
--
ALTER TABLE `home_tickers_cmps`
  MODIFY `id` int UNSIGNED NOT NULL AUTO_INCREMENT, AUTO_INCREMENT=3;

--
-- AUTO_INCREMENT for table `i18n_locale`
--
ALTER TABLE `i18n_locale`
  MODIFY `id` int UNSIGNED NOT NULL AUTO_INCREMENT, AUTO_INCREMENT=3;

--
-- AUTO_INCREMENT for table `strapi_api_token_permissions`
--
ALTER TABLE `strapi_api_token_permissions`
  MODIFY `id` int UNSIGNED NOT NULL AUTO_INCREMENT;

--
-- AUTO_INCREMENT for table `strapi_history_versions`
--
ALTER TABLE `strapi_history_versions`
  MODIFY `id` int UNSIGNED NOT NULL AUTO_INCREMENT;

--
-- AUTO_INCREMENT for table `strapi_migrations`
--
ALTER TABLE `strapi_migrations`
  MODIFY `id` int UNSIGNED NOT NULL AUTO_INCREMENT;

--
-- AUTO_INCREMENT for table `strapi_migrations_internal`
--
ALTER TABLE `strapi_migrations_internal`
  MODIFY `id` int UNSIGNED NOT NULL AUTO_INCREMENT, AUTO_INCREMENT=7;

--
-- AUTO_INCREMENT for table `strapi_releases`
--
ALTER TABLE `strapi_releases`
  MODIFY `id` int UNSIGNED NOT NULL AUTO_INCREMENT;

--
-- AUTO_INCREMENT for table `strapi_release_actions`
--
ALTER TABLE `strapi_release_actions`
  MODIFY `id` int UNSIGNED NOT NULL AUTO_INCREMENT;

--
-- AUTO_INCREMENT for table `strapi_release_actions_release_lnk`
--
ALTER TABLE `strapi_release_actions_release_lnk`
  MODIFY `id` int UNSIGNED NOT NULL AUTO_INCREMENT;

--
-- AUTO_INCREMENT for table `strapi_transfer_token_permissions`
--
ALTER TABLE `strapi_transfer_token_permissions`
  MODIFY `id` int UNSIGNED NOT NULL AUTO_INCREMENT;

--
-- AUTO_INCREMENT for table `strapi_transfer_token_permissions_token_lnk`
--
ALTER TABLE `strapi_transfer_token_permissions_token_lnk`
  MODIFY `id` int UNSIGNED NOT NULL AUTO_INCREMENT;

--
-- AUTO_INCREMENT for table `strapi_webhooks`
--
ALTER TABLE `strapi_webhooks`
  MODIFY `id` int UNSIGNED NOT NULL AUTO_INCREMENT;

--
-- AUTO_INCREMENT for table `strapi_workflows`
--
ALTER TABLE `strapi_workflows`
  MODIFY `id` int UNSIGNED NOT NULL AUTO_INCREMENT;

--
-- AUTO_INCREMENT for table `strapi_workflows_stages`
--
ALTER TABLE `strapi_workflows_stages`
  MODIFY `id` int UNSIGNED NOT NULL AUTO_INCREMENT;

--
-- AUTO_INCREMENT for table `strapi_workflows_stages_permissions_lnk`
--
ALTER TABLE `strapi_workflows_stages_permissions_lnk`
  MODIFY `id` int UNSIGNED NOT NULL AUTO_INCREMENT;

--
-- AUTO_INCREMENT for table `strapi_workflows_stages_workflow_lnk`
--
ALTER TABLE `strapi_workflows_stages_workflow_lnk`
  MODIFY `id` int UNSIGNED NOT NULL AUTO_INCREMENT;

--
-- AUTO_INCREMENT for table `strapi_workflows_stage_required_to_publish_lnk`
--
ALTER TABLE `strapi_workflows_stage_required_to_publish_lnk`
  MODIFY `id` int UNSIGNED NOT NULL AUTO_INCREMENT;

--
-- AUTO_INCREMENT for table `upload_folders`
--
ALTER TABLE `upload_folders`
  MODIFY `id` int UNSIGNED NOT NULL AUTO_INCREMENT;

--
-- AUTO_INCREMENT for table `upload_folders_parent_lnk`
--
ALTER TABLE `upload_folders_parent_lnk`
  MODIFY `id` int UNSIGNED NOT NULL AUTO_INCREMENT;

--
-- AUTO_INCREMENT for table `up_permissions`
--
ALTER TABLE `up_permissions`
  MODIFY `id` int UNSIGNED NOT NULL AUTO_INCREMENT, AUTO_INCREMENT=19;

--
-- AUTO_INCREMENT for table `up_permissions_role_lnk`
--
ALTER TABLE `up_permissions_role_lnk`
  MODIFY `id` int UNSIGNED NOT NULL AUTO_INCREMENT, AUTO_INCREMENT=19;

--
-- AUTO_INCREMENT for table `up_roles`
--
ALTER TABLE `up_roles`
  MODIFY `id` int UNSIGNED NOT NULL AUTO_INCREMENT, AUTO_INCREMENT=3;

--
-- AUTO_INCREMENT for table `up_users_role_lnk`
--
ALTER TABLE `up_users_role_lnk`
  MODIFY `id` int UNSIGNED NOT NULL AUTO_INCREMENT;

--
-- Constraints for dumped tables
--

--
-- Constraints for table `about_hero_banners`
--
ALTER TABLE `about_hero_banners`
  ADD CONSTRAINT `about_hero_banners_created_by_id_fk` FOREIGN KEY (`created_by_id`) REFERENCES `admin_users` (`id`) ON DELETE SET NULL,
  ADD CONSTRAINT `about_hero_banners_updated_by_id_fk` FOREIGN KEY (`updated_by_id`) REFERENCES `admin_users` (`id`) ON DELETE SET NULL;

--
-- Constraints for table `about_hero_banners_cmps`
--
ALTER TABLE `about_hero_banners_cmps`
  ADD CONSTRAINT `about_hero_banners_entity_fk` FOREIGN KEY (`entity_id`) REFERENCES `about_hero_banners` (`id`) ON DELETE CASCADE;

--
-- Constraints for table `admin_permissions`
--
ALTER TABLE `admin_permissions`
  ADD CONSTRAINT `admin_permissions_created_by_id_fk` FOREIGN KEY (`created_by_id`) REFERENCES `admin_users` (`id`) ON DELETE SET NULL,
  ADD CONSTRAINT `admin_permissions_updated_by_id_fk` FOREIGN KEY (`updated_by_id`) REFERENCES `admin_users` (`id`) ON DELETE SET NULL;

--
-- Constraints for table `admin_permissions_role_lnk`
--
ALTER TABLE `admin_permissions_role_lnk`
  ADD CONSTRAINT `admin_permissions_role_lnk_fk` FOREIGN KEY (`permission_id`) REFERENCES `admin_permissions` (`id`) ON DELETE CASCADE,
  ADD CONSTRAINT `admin_permissions_role_lnk_ifk` FOREIGN KEY (`role_id`) REFERENCES `admin_roles` (`id`) ON DELETE CASCADE;

--
-- Constraints for table `admin_roles`
--
ALTER TABLE `admin_roles`
  ADD CONSTRAINT `admin_roles_created_by_id_fk` FOREIGN KEY (`created_by_id`) REFERENCES `admin_users` (`id`) ON DELETE SET NULL,
  ADD CONSTRAINT `admin_roles_updated_by_id_fk` FOREIGN KEY (`updated_by_id`) REFERENCES `admin_users` (`id`) ON DELETE SET NULL;

--
-- Constraints for table `admin_users_roles_lnk`
--
ALTER TABLE `admin_users_roles_lnk`
  ADD CONSTRAINT `admin_users_roles_lnk_fk` FOREIGN KEY (`user_id`) REFERENCES `admin_users` (`id`) ON DELETE CASCADE,
  ADD CONSTRAINT `admin_users_roles_lnk_ifk` FOREIGN KEY (`role_id`) REFERENCES `admin_roles` (`id`) ON DELETE CASCADE;

--
-- Constraints for table `components_shared_service_cards_cmps`
--
ALTER TABLE `components_shared_service_cards_cmps`
  ADD CONSTRAINT `components_shared_service_cards_entity_fk` FOREIGN KEY (`entity_id`) REFERENCES `components_shared_service_cards` (`id`) ON DELETE CASCADE;

--
-- Constraints for table `components_single_hero_banners_cmps`
--
ALTER TABLE `components_single_hero_banners_cmps`
  ADD CONSTRAINT `components_single_hero_banners_entity_fk` FOREIGN KEY (`entity_id`) REFERENCES `components_single_hero_banners` (`id`) ON DELETE CASCADE;

--
-- Constraints for table `components_single_service_highlights_cmps`
--
ALTER TABLE `components_single_service_highlights_cmps`
  ADD CONSTRAINT `components_single_service_highlights_entity_fk` FOREIGN KEY (`entity_id`) REFERENCES `components_single_service_highlights` (`id`) ON DELETE CASCADE;

--
-- Constraints for table `components_single_tickers_cmps`
--
ALTER TABLE `components_single_tickers_cmps`
  ADD CONSTRAINT `components_single_tickers_entity_fk` FOREIGN KEY (`entity_id`) REFERENCES `components_single_tickers` (`id`) ON DELETE CASCADE;

--
-- Constraints for table `files_folder_lnk`
--
ALTER TABLE `files_folder_lnk`
  ADD CONSTRAINT `files_folder_lnk_fk` FOREIGN KEY (`file_id`) REFERENCES `files` (`id`) ON DELETE CASCADE,
  ADD CONSTRAINT `files_folder_lnk_ifk` FOREIGN KEY (`folder_id`) REFERENCES `upload_folders` (`id`) ON DELETE CASCADE;

--
-- Constraints for table `files_related_mph`
--
ALTER TABLE `files_related_mph`
  ADD CONSTRAINT `files_related_mph_fk` FOREIGN KEY (`file_id`) REFERENCES `files` (`id`) ON DELETE CASCADE;

--
-- Constraints for table `home_hero_banners`
--
ALTER TABLE `home_hero_banners`
  ADD CONSTRAINT `home_hero_banners_created_by_id_fk` FOREIGN KEY (`created_by_id`) REFERENCES `admin_users` (`id`) ON DELETE SET NULL,
  ADD CONSTRAINT `home_hero_banners_updated_by_id_fk` FOREIGN KEY (`updated_by_id`) REFERENCES `admin_users` (`id`) ON DELETE SET NULL;

--
-- Constraints for table `home_hero_banners_cmps`
--
ALTER TABLE `home_hero_banners_cmps`
  ADD CONSTRAINT `home_hero_banners_entity_fk` FOREIGN KEY (`entity_id`) REFERENCES `home_hero_banners` (`id`) ON DELETE CASCADE;

--
-- Constraints for table `home_pages`
--
ALTER TABLE `home_pages`
  ADD CONSTRAINT `home_pages_created_by_id_fk` FOREIGN KEY (`created_by_id`) REFERENCES `admin_users` (`id`) ON DELETE SET NULL,
  ADD CONSTRAINT `home_pages_updated_by_id_fk` FOREIGN KEY (`updated_by_id`) REFERENCES `admin_users` (`id`) ON DELETE SET NULL;

--
-- Constraints for table `home_pages_cmps`
--
ALTER TABLE `home_pages_cmps`
  ADD CONSTRAINT `home_pages_entity_fk` FOREIGN KEY (`entity_id`) REFERENCES `home_pages` (`id`) ON DELETE CASCADE;

--
-- Constraints for table `home_service_highlights`
--
ALTER TABLE `home_service_highlights`
  ADD CONSTRAINT `home_service_highlights_created_by_id_fk` FOREIGN KEY (`created_by_id`) REFERENCES `admin_users` (`id`) ON DELETE SET NULL,
  ADD CONSTRAINT `home_service_highlights_updated_by_id_fk` FOREIGN KEY (`updated_by_id`) REFERENCES `admin_users` (`id`) ON DELETE SET NULL;

--
-- Constraints for table `home_service_highlights_cmps`
--
ALTER TABLE `home_service_highlights_cmps`
  ADD CONSTRAINT `home_service_highlights_entity_fk` FOREIGN KEY (`entity_id`) REFERENCES `home_service_highlights` (`id`) ON DELETE CASCADE;

--
-- Constraints for table `home_tickers`
--
ALTER TABLE `home_tickers`
  ADD CONSTRAINT `home_tickers_created_by_id_fk` FOREIGN KEY (`created_by_id`) REFERENCES `admin_users` (`id`) ON DELETE SET NULL,
  ADD CONSTRAINT `home_tickers_updated_by_id_fk` FOREIGN KEY (`updated_by_id`) REFERENCES `admin_users` (`id`) ON DELETE SET NULL;

--
-- Constraints for table `home_tickers_cmps`
--
ALTER TABLE `home_tickers_cmps`
  ADD CONSTRAINT `home_tickers_entity_fk` FOREIGN KEY (`entity_id`) REFERENCES `home_tickers` (`id`) ON DELETE CASCADE;

--
-- Constraints for table `i18n_locale`
--
ALTER TABLE `i18n_locale`
  ADD CONSTRAINT `i18n_locale_created_by_id_fk` FOREIGN KEY (`created_by_id`) REFERENCES `admin_users` (`id`) ON DELETE SET NULL,
  ADD CONSTRAINT `i18n_locale_updated_by_id_fk` FOREIGN KEY (`updated_by_id`) REFERENCES `admin_users` (`id`) ON DELETE SET NULL;

--
-- Constraints for table `strapi_api_token_permissions`
--
ALTER TABLE `strapi_api_token_permissions`
  ADD CONSTRAINT `strapi_api_token_permissions_created_by_id_fk` FOREIGN KEY (`created_by_id`) REFERENCES `admin_users` (`id`) ON DELETE SET NULL,
  ADD CONSTRAINT `strapi_api_token_permissions_updated_by_id_fk` FOREIGN KEY (`updated_by_id`) REFERENCES `admin_users` (`id`) ON DELETE SET NULL;

--
-- Constraints for table `strapi_history_versions`
--
ALTER TABLE `strapi_history_versions`
  ADD CONSTRAINT `strapi_history_versions_created_by_id_fk` FOREIGN KEY (`created_by_id`) REFERENCES `admin_users` (`id`) ON DELETE SET NULL;

--
-- Constraints for table `strapi_releases`
--
ALTER TABLE `strapi_releases`
  ADD CONSTRAINT `strapi_releases_created_by_id_fk` FOREIGN KEY (`created_by_id`) REFERENCES `admin_users` (`id`) ON DELETE SET NULL,
  ADD CONSTRAINT `strapi_releases_updated_by_id_fk` FOREIGN KEY (`updated_by_id`) REFERENCES `admin_users` (`id`) ON DELETE SET NULL;

--
-- Constraints for table `strapi_release_actions`
--
ALTER TABLE `strapi_release_actions`
  ADD CONSTRAINT `strapi_release_actions_created_by_id_fk` FOREIGN KEY (`created_by_id`) REFERENCES `admin_users` (`id`) ON DELETE SET NULL,
  ADD CONSTRAINT `strapi_release_actions_updated_by_id_fk` FOREIGN KEY (`updated_by_id`) REFERENCES `admin_users` (`id`) ON DELETE SET NULL;

--
-- Constraints for table `strapi_release_actions_release_lnk`
--
ALTER TABLE `strapi_release_actions_release_lnk`
  ADD CONSTRAINT `strapi_release_actions_release_lnk_fk` FOREIGN KEY (`release_action_id`) REFERENCES `strapi_release_actions` (`id`) ON DELETE CASCADE,
  ADD CONSTRAINT `strapi_release_actions_release_lnk_ifk` FOREIGN KEY (`release_id`) REFERENCES `strapi_releases` (`id`) ON DELETE CASCADE;

--
-- Constraints for table `strapi_transfer_token_permissions`
--
ALTER TABLE `strapi_transfer_token_permissions`
  ADD CONSTRAINT `strapi_transfer_token_permissions_created_by_id_fk` FOREIGN KEY (`created_by_id`) REFERENCES `admin_users` (`id`) ON DELETE SET NULL,
  ADD CONSTRAINT `strapi_transfer_token_permissions_updated_by_id_fk` FOREIGN KEY (`updated_by_id`) REFERENCES `admin_users` (`id`) ON DELETE SET NULL;

--
-- Constraints for table `strapi_transfer_token_permissions_token_lnk`
--
ALTER TABLE `strapi_transfer_token_permissions_token_lnk`
  ADD CONSTRAINT `strapi_transfer_token_permissions_token_lnk_fk` FOREIGN KEY (`transfer_token_permission_id`) REFERENCES `strapi_transfer_token_permissions` (`id`) ON DELETE CASCADE,
  ADD CONSTRAINT `strapi_transfer_token_permissions_token_lnk_ifk` FOREIGN KEY (`transfer_token_id`) REFERENCES `strapi_transfer_tokens` (`id`) ON DELETE CASCADE;

--
-- Constraints for table `strapi_workflows`
--
ALTER TABLE `strapi_workflows`
  ADD CONSTRAINT `strapi_workflows_created_by_id_fk` FOREIGN KEY (`created_by_id`) REFERENCES `admin_users` (`id`) ON DELETE SET NULL,
  ADD CONSTRAINT `strapi_workflows_updated_by_id_fk` FOREIGN KEY (`updated_by_id`) REFERENCES `admin_users` (`id`) ON DELETE SET NULL;

--
-- Constraints for table `strapi_workflows_stages`
--
ALTER TABLE `strapi_workflows_stages`
  ADD CONSTRAINT `strapi_workflows_stages_created_by_id_fk` FOREIGN KEY (`created_by_id`) REFERENCES `admin_users` (`id`) ON DELETE SET NULL,
  ADD CONSTRAINT `strapi_workflows_stages_updated_by_id_fk` FOREIGN KEY (`updated_by_id`) REFERENCES `admin_users` (`id`) ON DELETE SET NULL;

--
-- Constraints for table `strapi_workflows_stages_permissions_lnk`
--
ALTER TABLE `strapi_workflows_stages_permissions_lnk`
  ADD CONSTRAINT `strapi_workflows_stages_permissions_lnk_fk` FOREIGN KEY (`workflow_stage_id`) REFERENCES `strapi_workflows_stages` (`id`) ON DELETE CASCADE,
  ADD CONSTRAINT `strapi_workflows_stages_permissions_lnk_ifk` FOREIGN KEY (`permission_id`) REFERENCES `admin_permissions` (`id`) ON DELETE CASCADE;

--
-- Constraints for table `strapi_workflows_stages_workflow_lnk`
--
ALTER TABLE `strapi_workflows_stages_workflow_lnk`
  ADD CONSTRAINT `strapi_workflows_stages_workflow_lnk_fk` FOREIGN KEY (`workflow_stage_id`) REFERENCES `strapi_workflows_stages` (`id`) ON DELETE CASCADE,
  ADD CONSTRAINT `strapi_workflows_stages_workflow_lnk_ifk` FOREIGN KEY (`workflow_id`) REFERENCES `strapi_workflows` (`id`) ON DELETE CASCADE;

--
-- Constraints for table `strapi_workflows_stage_required_to_publish_lnk`
--
ALTER TABLE `strapi_workflows_stage_required_to_publish_lnk`
  ADD CONSTRAINT `strapi_workflows_stage_required_to_publish_lnk_fk` FOREIGN KEY (`workflow_id`) REFERENCES `strapi_workflows` (`id`) ON DELETE CASCADE,
  ADD CONSTRAINT `strapi_workflows_stage_required_to_publish_lnk_ifk` FOREIGN KEY (`workflow_stage_id`) REFERENCES `strapi_workflows_stages` (`id`) ON DELETE CASCADE;

--
-- Constraints for table `upload_folders`
--
ALTER TABLE `upload_folders`
  ADD CONSTRAINT `upload_folders_created_by_id_fk` FOREIGN KEY (`created_by_id`) REFERENCES `admin_users` (`id`) ON DELETE SET NULL,
  ADD CONSTRAINT `upload_folders_updated_by_id_fk` FOREIGN KEY (`updated_by_id`) REFERENCES `admin_users` (`id`) ON DELETE SET NULL;

--
-- Constraints for table `upload_folders_parent_lnk`
--
ALTER TABLE `upload_folders_parent_lnk`
  ADD CONSTRAINT `upload_folders_parent_lnk_fk` FOREIGN KEY (`folder_id`) REFERENCES `upload_folders` (`id`) ON DELETE CASCADE,
  ADD CONSTRAINT `upload_folders_parent_lnk_ifk` FOREIGN KEY (`inv_folder_id`) REFERENCES `upload_folders` (`id`) ON DELETE CASCADE;

--
-- Constraints for table `up_permissions`
--
ALTER TABLE `up_permissions`
  ADD CONSTRAINT `up_permissions_created_by_id_fk` FOREIGN KEY (`created_by_id`) REFERENCES `admin_users` (`id`) ON DELETE SET NULL,
  ADD CONSTRAINT `up_permissions_updated_by_id_fk` FOREIGN KEY (`updated_by_id`) REFERENCES `admin_users` (`id`) ON DELETE SET NULL;

--
-- Constraints for table `up_permissions_role_lnk`
--
ALTER TABLE `up_permissions_role_lnk`
  ADD CONSTRAINT `up_permissions_role_lnk_fk` FOREIGN KEY (`permission_id`) REFERENCES `up_permissions` (`id`) ON DELETE CASCADE,
  ADD CONSTRAINT `up_permissions_role_lnk_ifk` FOREIGN KEY (`role_id`) REFERENCES `up_roles` (`id`) ON DELETE CASCADE;

--
-- Constraints for table `up_roles`
--
ALTER TABLE `up_roles`
  ADD CONSTRAINT `up_roles_created_by_id_fk` FOREIGN KEY (`created_by_id`) REFERENCES `admin_users` (`id`) ON DELETE SET NULL,
  ADD CONSTRAINT `up_roles_updated_by_id_fk` FOREIGN KEY (`updated_by_id`) REFERENCES `admin_users` (`id`) ON DELETE SET NULL;

--
-- Constraints for table `up_users_role_lnk`
--
ALTER TABLE `up_users_role_lnk`
  ADD CONSTRAINT `up_users_role_lnk_fk` FOREIGN KEY (`user_id`) REFERENCES `up_users` (`id`) ON DELETE CASCADE,
  ADD CONSTRAINT `up_users_role_lnk_ifk` FOREIGN KEY (`role_id`) REFERENCES `up_roles` (`id`) ON DELETE CASCADE;
COMMIT;

